Last updated on 2024-04-19 11:56:47 CEST.
Flavor | Version | Tinstall | Tcheck | Ttotal | Status | Flags |
---|---|---|---|---|---|---|
r-devel-linux-x86_64-debian-clang | 0.2.0 | 12.01 | 118.76 | 130.77 | NOTE | |
r-devel-linux-x86_64-debian-gcc | 0.2.0 | NOTE | ||||
r-devel-linux-x86_64-fedora-clang | 0.2.0 | 170.16 | NOTE | |||
r-devel-linux-x86_64-fedora-gcc | 0.2.0 | 173.51 | NOTE | |||
r-prerel-macos-arm64 | 0.2.0 | 55.00 | NOTE | |||
r-prerel-windows-x86_64 | 0.2.0 | 47.00 | 509.00 | 556.00 | NOTE | |
r-patched-linux-x86_64 | 0.2.0 | 9.99 | 114.01 | 124.00 | NOTE | |
r-release-linux-x86_64 | 0.2.0 | 9.76 | 115.03 | 124.79 | OK | |
r-release-macos-arm64 | 0.2.0 | 56.00 | OK | |||
r-release-macos-x86_64 | 0.2.0 | 92.00 | OK | |||
r-release-windows-x86_64 | 0.2.0 | 19.00 | 211.00 | 230.00 | OK | |
r-oldrel-macos-arm64 | 0.2.0 | 43.00 | OK | |||
r-oldrel-windows-x86_64 | 0.2.0 | 19.00 | 205.00 | 224.00 | OK |
Version: 0.2.0
Check: Rd files
Result: NOTE
checkRd: (-1) iterate_matrix.Rd:32-33: Lost braces in \itemize; \value handles \item{}{} directly
checkRd: (-1) iterate_matrix.Rd:34-36: Lost braces in \itemize; \value handles \item{}{} directly
checkRd: (-1) iterate_matrix.Rd:37-38: Lost braces in \itemize; \value handles \item{}{} directly
checkRd: (-1) iterate_matrix.Rd:39-41: Lost braces in \itemize; \value handles \item{}{} directly
checkRd: (-1) iterate_matrix.Rd:42-44: Lost braces in \itemize; \value handles \item{}{} directly
Flavors: r-devel-linux-x86_64-debian-clang, r-devel-linux-x86_64-debian-gcc, r-devel-linux-x86_64-fedora-clang, r-devel-linux-x86_64-fedora-gcc, r-prerel-macos-arm64, r-prerel-windows-x86_64, r-patched-linux-x86_64