Last updated on 2022-07-02 12:53:04 CEST.
Flavor | Version | Tinstall | Tcheck | Ttotal | Status | Flags |
---|---|---|---|---|---|---|
r-devel-linux-x86_64-debian-clang | 0.0.1 | 49.85 | 80.90 | 130.75 | OK | |
r-devel-linux-x86_64-debian-gcc | 0.0.1 | 40.01 | 61.72 | 101.73 | OK | |
r-devel-linux-x86_64-fedora-clang | 0.0.1 | 178.77 | OK | |||
r-devel-linux-x86_64-fedora-gcc | 0.0.1 | 172.67 | OK | |||
r-devel-windows-x86_64 | 0.0.1 | 42.00 | 119.00 | 161.00 | OK | |
r-patched-linux-x86_64 | 0.0.1 | 45.43 | 76.72 | 122.15 | OK | |
r-release-linux-x86_64 | 0.0.1 | 43.46 | 77.53 | 120.99 | OK | |
r-release-macos-arm64 | 0.0.1 | 51.00 | OK | |||
r-release-macos-x86_64 | 0.0.1 | 66.00 | OK | |||
r-release-windows-x86_64 | 0.0.1 | 44.00 | 124.00 | 168.00 | OK | |
r-oldrel-macos-arm64 | 0.0.1 | 59.00 | NOTE | |||
r-oldrel-macos-x86_64 | 0.0.1 | 68.00 | OK | |||
r-oldrel-windows-ix86+x86_64 | 0.0.1 | 112.00 | 136.00 | 248.00 | OK |
Version: 0.0.1
Check: installed package size
Result: NOTE
installed size is 5.2Mb
sub-directories of 1Mb or more:
libs 4.5Mb
Flavor: r-oldrel-macos-arm64