Last updated on 2023-12-04 13:50:51 CET.
Flavor | Version | Tinstall | Tcheck | Ttotal | Status | Flags |
---|---|---|---|---|---|---|
r-devel-linux-x86_64-debian-clang | 0.2 | 420.21 | 133.93 | 554.14 | NOTE | |
r-devel-linux-x86_64-debian-gcc | 0.2 | 376.50 | 123.67 | 500.17 | NOTE | |
r-devel-linux-x86_64-fedora-clang | 0.2 | 722.19 | NOTE | |||
r-devel-linux-x86_64-fedora-gcc | 0.2 | 953.49 | NOTE | |||
r-devel-windows-x86_64 | 0.2 | 344.00 | 147.00 | 491.00 | NOTE | |
r-patched-linux-x86_64 | 0.2 | 298.84 | 159.47 | 458.31 | NOTE | |
r-release-linux-x86_64 | 0.2 | 0.03 | 1.80 | 1.83 | ERROR | |
r-release-macos-arm64 | 0.2 | 233.00 | NOTE | |||
r-release-macos-x86_64 | 0.2 | 264.00 | NOTE | |||
r-release-windows-x86_64 | 0.2 | 444.00 | 176.00 | 620.00 | NOTE | |
r-oldrel-macos-arm64 | 0.2 | 205.00 | NOTE | |||
r-oldrel-macos-x86_64 | 0.2 | 311.00 | NOTE | |||
r-oldrel-windows-x86_64 | 0.2 | 402.00 | 169.00 | 571.00 | NOTE |
Version: 0.2
Check: for GNU extensions in Makefiles
Result: NOTE
GNU make is a SystemRequirements.
Flavors: r-devel-linux-x86_64-debian-clang, r-devel-linux-x86_64-debian-gcc, r-devel-linux-x86_64-fedora-clang, r-devel-linux-x86_64-fedora-gcc, r-devel-windows-x86_64, r-patched-linux-x86_64, r-release-macos-arm64, r-release-macos-x86_64, r-release-windows-x86_64, r-oldrel-macos-arm64, r-oldrel-macos-x86_64, r-oldrel-windows-x86_64
Version: 0.2
Check: whether package can be installed
Result: ERROR
Installation failed.
Flavor: r-release-linux-x86_64
Version: 0.2
Check: installed package size
Result: NOTE
installed size is 50.7Mb
sub-directories of 1Mb or more:
libs 50.5Mb
Flavors: r-release-macos-arm64, r-release-macos-x86_64, r-oldrel-macos-arm64, r-oldrel-macos-x86_64