CRAN Package Check Results for Package grattanInflators

Last updated on 2024-04-23 10:54:04 CEST.

Flavor Version Tinstall Tcheck Ttotal Status Flags
r-devel-linux-x86_64-debian-clang 0.5.1 8.09 39.84 47.93 OK
r-devel-linux-x86_64-debian-gcc 0.5.1 5.85 28.14 33.99 ERROR
r-devel-linux-x86_64-fedora-clang 0.5.1 61.67 OK
r-devel-linux-x86_64-fedora-gcc 0.5.1 57.25 OK
r-prerel-macos-arm64 0.5.1 23.00 OK
r-prerel-macos-x86_64 0.5.1 54.00 OK
r-prerel-windows-x86_64 0.5.1 12.00 57.00 69.00 OK
r-patched-linux-x86_64 0.5.1 5.16 38.21 43.37 OK
r-release-linux-x86_64 0.5.1 7.42 37.00 44.42 OK
r-release-macos-arm64 0.5.1 28.00 OK
r-release-macos-x86_64 0.5.1 46.00 OK
r-release-windows-x86_64 0.5.1 14.00 60.00 74.00 ERROR
r-oldrel-macos-arm64 0.5.1 28.00 OK
r-oldrel-windows-x86_64 0.5.1 13.00 61.00 74.00 ERROR

Additional issues

M1mac

Check Details

Version: 0.5.1
Check: tests
Result: ERROR Running ‘tinytest.R’ [1s/4s] Running the tests in ‘tests/tinytest.R’ failed. Complete output: > > if (requireNamespace("tinytest", quietly = TRUE)) { + library(data.table) + setDTthreads(1) + tinytest::test_package("grattanInflators") + } test_YearMonthSplit.R......... 0 tests test_YearMonthSplit.R......... 0 tests test_YearMonthSplit.R......... 0 tests test_YearMonthSplit.R......... 0 tests test_YearMonthSplit.R......... 0 tests test_YearMonthSplit.R......... 1 tests <1b>[0;32mOK<1b>[0m test_YearMonthSplit.R......... 2 tests <1b>[0;32mOK<1b>[0m test_YearMonthSplit.R......... 3 tests <1b>[0;32mOK<1b>[0m test_YearMonthSplit.R......... 4 tests <1b>[0;32mOK<1b>[0m test_YearMonthSplit.R......... 5 tests <1b>[0;32mOK<1b>[0m test_YearMonthSplit.R......... 6 tests <1b>[0;32mOK<1b>[0m test_YearMonthSplit.R......... 7 tests <1b>[0;32mOK<1b>[0m test_YearMonthSplit.R......... 8 tests <1b>[0;32mOK<1b>[0m test_YearMonthSplit.R......... 9 tests <1b>[0;32mOK<1b>[0m test_YearMonthSplit.R......... 10 tests <1b>[0;32mOK<1b>[0m test_YearMonthSplit.R......... 11 tests <1b>[0;32mOK<1b>[0m test_YearMonthSplit.R......... 12 tests <1b>[0;32mOK<1b>[0m test_YearMonthSplit.R......... 12 tests <1b>[0;32mOK<1b>[0m test_YearMonthSplit.R......... 13 tests <1b>[0;32mOK<1b>[0m test_YearMonthSplit.R......... 14 tests <1b>[0;32mOK<1b>[0m test_YearMonthSplit.R......... 14 tests <1b>[0;32mOK<1b>[0m test_YearMonthSplit.R......... 15 tests <1b>[0;32mOK<1b>[0m test_YearMonthSplit.R......... 16 tests <1b>[0;32mOK<1b>[0m test_YearMonthSplit.R......... 17 tests <1b>[0;32mOK<1b>[0m test_YearMonthSplit.R......... 18 tests <1b>[0;32mOK<1b>[0m <1b>[0;34m0.1s<1b>[0m test_cpi_inflator.R........... 0 tests test_cpi_inflator.R........... 0 tests test_cpi_inflator.R........... 0 tests test_cpi_inflator.R........... 0 tests test_cpi_inflator.R........... 1 tests <1b>[0;32mOK<1b>[0m test_cpi_inflator.R........... 2 tests <1b>[0;32mOK<1b>[0m test_cpi_inflator.R........... 3 tests <1b>[0;32mOK<1b>[0m test_cpi_inflator.R........... 4 tests <1b>[0;32mOK<1b>[0m test_cpi_inflator.R........... 4 tests <1b>[0;32mOK<1b>[0m test_cpi_inflator.R........... 4 tests <1b>[0;32mOK<1b>[0m test_cpi_inflator.R........... 5 tests <1b>[0;32mOK<1b>[0m test_cpi_inflator.R........... 6 tests <1b>[0;32mOK<1b>[0m test_cpi_inflator.R........... 7 tests <1b>[0;32mOK<1b>[0m test_cpi_inflator.R........... 8 tests <1b>[0;32mOK<1b>[0m test_cpi_inflator.R........... 9 tests <1b>[0;32mOK<1b>[0m test_cpi_inflator.R........... 10 tests <1b>[0;32mOK<1b>[0m test_cpi_inflator.R........... 11 tests <1b>[0;32mOK<1b>[0m test_cpi_inflator.R........... 12 tests <1b>[0;32mOK<1b>[0m test_cpi_inflator.R........... 12 tests <1b>[0;32mOK<1b>[0m test_cpi_inflator.R........... 12 tests <1b>[0;32mOK<1b>[0m test_cpi_inflator.R........... 12 tests <1b>[0;32mOK<1b>[0m test_cpi_inflator.R........... 13 tests <1b>[0;32mOK<1b>[0m test_cpi_inflator.R........... 14 tests <1b>[0;32mOK<1b>[0m test_cpi_inflator.R........... 15 tests <1b>[0;32mOK<1b>[0m test_cpi_inflator.R........... 16 tests <1b>[0;32mOK<1b>[0m test_cpi_inflator.R........... 17 tests <1b>[0;32mOK<1b>[0m test_cpi_inflator.R........... 18 tests <1b>[0;32mOK<1b>[0m test_cpi_inflator.R........... 19 tests <1b>[0;32mOK<1b>[0m test_cpi_inflator.R........... 19 tests <1b>[0;32mOK<1b>[0m test_cpi_inflator.R........... 19 tests <1b>[0;32mOK<1b>[0m test_cpi_inflator.R........... 20 tests <1b>[0;32mOK<1b>[0m test_cpi_inflator.R........... 20 tests <1b>[0;32mOK<1b>[0m test_cpi_inflator.R........... 21 tests <1b>[0;32mOK<1b>[0m test_cpi_inflator.R........... 21 tests <1b>[0;32mOK<1b>[0m test_cpi_inflator.R........... 22 tests <1b>[0;32mOK<1b>[0m test_cpi_inflator.R........... 22 tests <1b>[0;32mOK<1b>[0m test_cpi_inflator.R........... 23 tests <1b>[0;32mOK<1b>[0m test_cpi_inflator.R........... 23 tests <1b>[0;32mOK<1b>[0m test_cpi_inflator.R........... 24 tests <1b>[0;32mOK<1b>[0m test_cpi_inflator.R........... 24 tests <1b>[0;32mOK<1b>[0m test_cpi_inflator.R........... 25 tests <1b>[0;32mOK<1b>[0m test_cpi_inflator.R........... 25 tests <1b>[0;32mOK<1b>[0m test_cpi_inflator.R........... 26 tests <1b>[0;32mOK<1b>[0m test_cpi_inflator.R........... 27 tests <1b>[0;32mOK<1b>[0m test_cpi_inflator.R........... 28 tests <1b>[0;32mOK<1b>[0m test_cpi_inflator.R........... 28 tests <1b>[0;32mOK<1b>[0m test_cpi_inflator.R........... 29 tests <1b>[0;32mOK<1b>[0m test_cpi_inflator.R........... 29 tests <1b>[0;32mOK<1b>[0m test_cpi_inflator.R........... 30 tests <1b>[0;32mOK<1b>[0m test_cpi_inflator.R........... 30 tests <1b>[0;32mOK<1b>[0m test_cpi_inflator.R........... 31 tests <1b>[0;32mOK<1b>[0m test_cpi_inflator.R........... 32 tests <1b>[0;32mOK<1b>[0m test_cpi_inflator.R........... 33 tests <1b>[0;32mOK<1b>[0m test_cpi_inflator.R........... 36 tests <1b>[0;32mOK<1b>[0m <1b>[0;34m1.2s<1b>[0m test_download_data.R.......... 0 tests test_download_data.R.......... 0 tests <1b>[0;36m26ms<1b>[0m test_fast_as_idate.R.......... 0 tests test_fast_as_idate.R.......... 0 tests test_fast_as_idate.R.......... 1 tests <1b>[0;32mOK<1b>[0m test_fast_as_idate.R.......... 2 tests <1b>[0;32mOK<1b>[0m test_fast_as_idate.R.......... 3 tests <1b>[0;32mOK<1b>[0m test_fast_as_idate.R.......... 4 tests <1b>[0;32mOK<1b>[0m test_fast_as_idate.R.......... 5 tests <1b>[0;32mOK<1b>[0m test_fast_as_idate.R.......... 6 tests <1b>[0;32mOK<1b>[0m test_fast_as_idate.R.......... 7 tests <1b>[0;32mOK<1b>[0m <1b>[0;34m0.4s<1b>[0m test_format_idate.R........... 0 tests test_format_idate.R........... 0 tests test_format_idate.R........... 1 tests <1b>[0;32mOK<1b>[0m <1b>[0;36m19ms<1b>[0m test_grattanInflators.R....... 1 tests <1b>[0;32mOK<1b>[0m <1b>[0;36m2ms<1b>[0m test_inflator_annual.R........ 0 tests test_inflator_annual.R........ 0 tests test_inflator_annual.R........ 0 tests test_inflator_annual.R........ 1 tests <1b>[0;32mOK<1b>[0m test_inflator_annual.R........ 2 tests <1b>[0;32mOK<1b>[0m test_inflator_annual.R........ 2 tests <1b>[0;32mOK<1b>[0m test_inflator_annual.R........ 3 tests <1b>[0;32mOK<1b>[0m test_inflator_annual.R........ 3 tests <1b>[0;32mOK<1b>[0m test_inflator_annual.R........ 4 tests <1b>[0;32mOK<1b>[0m test_inflator_annual.R........ 5 tests <1b>[0;32mOK<1b>[0m test_inflator_annual.R........ 5 tests <1b>[0;32mOK<1b>[0m test_inflator_annual.R........ 6 tests <1b>[0;32mOK<1b>[0m test_inflator_annual.R........ 6 tests <1b>[0;32mOK<1b>[0m test_inflator_annual.R........ 7 tests <1b>[0;32mOK<1b>[0m test_inflator_annual.R........ 7 tests <1b>[0;32mOK<1b>[0m test_inflator_annual.R........ 8 tests <1b>[0;32mOK<1b>[0m test_inflator_annual.R........ 8 tests <1b>[0;32mOK<1b>[0m test_inflator_annual.R........ 9 tests <1b>[0;32mOK<1b>[0m test_inflator_annual.R........ 9 tests <1b>[0;32mOK<1b>[0m test_inflator_annual.R........ 10 tests <1b>[0;32mOK<1b>[0m test_inflator_annual.R........ 10 tests <1b>[0;32mOK<1b>[0m test_inflator_annual.R........ 11 tests <1b>[0;32mOK<1b>[0m test_inflator_annual.R........ 11 tests <1b>[0;32mOK<1b>[0m test_inflator_annual.R........ 12 tests <1b>[0;32mOK<1b>[0m test_inflator_annual.R........ 12 tests <1b>[0;32mOK<1b>[0m test_inflator_annual.R........ 13 tests <1b>[0;32mOK<1b>[0m test_inflator_annual.R........ 14 tests <1b>[0;32mOK<1b>[0m test_inflator_annual.R........ 14 tests <1b>[0;32mOK<1b>[0m test_inflator_annual.R........ 14 tests <1b>[0;32mOK<1b>[0m test_inflator_annual.R........ 15 tests <1b>[0;32mOK<1b>[0m test_inflator_annual.R........ 16 tests <1b>[0;32mOK<1b>[0m test_inflator_annual.R........ 17 tests <1b>[0;32mOK<1b>[0m test_inflator_annual.R........ 17 tests <1b>[0;32mOK<1b>[0m test_inflator_annual.R........ 18 tests <1b>[0;32mOK<1b>[0m test_inflator_annual.R........ 19 tests <1b>[0;32mOK<1b>[0m test_inflator_annual.R........ 19 tests <1b>[0;32mOK<1b>[0m test_inflator_annual.R........ 19 tests <1b>[0;32mOK<1b>[0m test_inflator_annual.R........ 20 tests <1b>[0;32mOK<1b>[0m test_inflator_annual.R........ 21 tests <1b>[0;32mOK<1b>[0m test_inflator_annual.R........ 21 tests <1b>[0;32mOK<1b>[0m test_inflator_annual.R........ 22 tests <1b>[0;32mOK<1b>[0m test_inflator_annual.R........ 23 tests <1b>[0;32mOK<1b>[0m test_inflator_annual.R........ 24 tests <1b>[0;32mOK<1b>[0m test_inflator_annual.R........ 25 tests <1b>[0;32mOK<1b>[0m test_inflator_annual.R........ 26 tests <1b>[0;32mOK<1b>[0m test_inflator_annual.R........ 27 tests <1b>[0;32mOK<1b>[0m test_inflator_annual.R........ 28 tests <1b>[0;32mOK<1b>[0m test_inflator_annual.R........ 28 tests <1b>[0;32mOK<1b>[0m test_inflator_annual.R........ 29 tests <1b>[0;32mOK<1b>[0m test_inflator_annual.R........ 30 tests <1b>[0;32mOK<1b>[0m test_inflator_annual.R........ 31 tests <1b>[0;32mOK<1b>[0m <1b>[0;34m0.2s<1b>[0m test_lf_inflator.R............ 0 tests test_lf_inflator.R............ 1 tests <1b>[0;32mOK<1b>[0m test_lf_inflator.R............ 2 tests <1b>[0;32mOK<1b>[0m test_lf_inflator.R............ 2 tests <1b>[0;32mOK<1b>[0m test_lf_inflator.R............ 3 tests <1b>[0;32mOK<1b>[0m test_lf_inflator.R............ 4 tests <1b>[0;32mOK<1b>[0m test_lf_inflator.R............ 4 tests <1b>[0;32mOK<1b>[0m test_lf_inflator.R............ 4 tests <1b>[0;32mOK<1b>[0m test_lf_inflator.R............ 5 tests <1b>[0;32mOK<1b>[0m test_lf_inflator.R............ 5 tests <1b>[0;32mOK<1b>[0m test_lf_inflator.R............ 5 tests <1b>[0;32mOK<1b>[0m test_lf_inflator.R............ 6 tests <1b>[0;32mOK<1b>[0m test_lf_inflator.R............ 7 tests <1b>[0;32mOK<1b>[0m test_lf_inflator.R............ 7 tests <1b>[0;32mOK<1b>[0m test_lf_inflator.R............ 8 tests <1b>[0;31m1 fails<1b>[0m test_lf_inflator.R............ 9 tests <1b>[0;31m2 fails<1b>[0m <1b>[0;36m61ms<1b>[0m test_minDate.R................ 1 tests <1b>[0;32mOK<1b>[0m test_minDate.R................ 2 tests <1b>[0;32mOK<1b>[0m test_minDate.R................ 3 tests <1b>[0;32mOK<1b>[0m test_minDate.R................ 4 tests <1b>[0;32mOK<1b>[0m <1b>[0;36m15ms<1b>[0m test_wage_inflator.R.......... 0 tests test_wage_inflator.R.......... 1 tests <1b>[0;32mOK<1b>[0m test_wage_inflator.R.......... 2 tests <1b>[0;32mOK<1b>[0m <1b>[0;34m0.8s<1b>[0m ----- FAILED[xcpt]: test_lf_inflator.R<19--19> call| expect_warning(lf_inflator("2020-21", "2023-24", series = lfi_series)) diff| No warning was emitted ----- FAILED[xcpt]: test_lf_inflator.R<20--20> call| expect_message(lf_inflator("2020-21", "2023-24", series = lfi_series, call| --> check = -1)) diff| No message was emitted Error: 2 out of 109 tests failed Execution halted Flavor: r-devel-linux-x86_64-debian-gcc

Version: 0.5.1
Check: tests
Result: ERROR Running 'tinytest.R' [5s] Running the tests in 'tests/tinytest.R' failed. Complete output: > > if (requireNamespace("tinytest", quietly = TRUE)) { + library(data.table) + setDTthreads(1) + tinytest::test_package("grattanInflators") + } test_YearMonthSplit.R......... 0 tests test_YearMonthSplit.R......... 0 tests test_YearMonthSplit.R......... 0 tests test_YearMonthSplit.R......... 0 tests test_YearMonthSplit.R......... 0 tests test_YearMonthSplit.R......... 1 tests <1b>[0;32mOK<1b>[0m test_YearMonthSplit.R......... 2 tests <1b>[0;32mOK<1b>[0m test_YearMonthSplit.R......... 3 tests <1b>[0;32mOK<1b>[0m test_YearMonthSplit.R......... 4 tests <1b>[0;32mOK<1b>[0m test_YearMonthSplit.R......... 5 tests <1b>[0;32mOK<1b>[0m test_YearMonthSplit.R......... 6 tests <1b>[0;32mOK<1b>[0m test_YearMonthSplit.R......... 7 tests <1b>[0;32mOK<1b>[0m test_YearMonthSplit.R......... 8 tests <1b>[0;32mOK<1b>[0m test_YearMonthSplit.R......... 9 tests <1b>[0;32mOK<1b>[0m test_YearMonthSplit.R......... 10 tests <1b>[0;32mOK<1b>[0m test_YearMonthSplit.R......... 11 tests <1b>[0;32mOK<1b>[0m test_YearMonthSplit.R......... 12 tests <1b>[0;32mOK<1b>[0m test_YearMonthSplit.R......... 12 tests <1b>[0;32mOK<1b>[0m test_YearMonthSplit.R......... 13 tests <1b>[0;32mOK<1b>[0m test_YearMonthSplit.R......... 14 tests <1b>[0;32mOK<1b>[0m test_YearMonthSplit.R......... 14 tests <1b>[0;32mOK<1b>[0m test_YearMonthSplit.R......... 15 tests <1b>[0;32mOK<1b>[0m test_YearMonthSplit.R......... 16 tests <1b>[0;32mOK<1b>[0m test_YearMonthSplit.R......... 17 tests <1b>[0;32mOK<1b>[0m test_YearMonthSplit.R......... 18 tests <1b>[0;32mOK<1b>[0m <1b>[0;34m0.1s<1b>[0m test_cpi_inflator.R........... 0 tests test_cpi_inflator.R........... 0 tests test_cpi_inflator.R........... 0 tests test_cpi_inflator.R........... 0 tests test_cpi_inflator.R........... 1 tests <1b>[0;32mOK<1b>[0m test_cpi_inflator.R........... 2 tests <1b>[0;32mOK<1b>[0m test_cpi_inflator.R........... 3 tests <1b>[0;32mOK<1b>[0m test_cpi_inflator.R........... 4 tests <1b>[0;32mOK<1b>[0m test_cpi_inflator.R........... 4 tests <1b>[0;32mOK<1b>[0m test_cpi_inflator.R........... 4 tests <1b>[0;32mOK<1b>[0m test_cpi_inflator.R........... 5 tests <1b>[0;32mOK<1b>[0m test_cpi_inflator.R........... 6 tests <1b>[0;32mOK<1b>[0m test_cpi_inflator.R........... 7 tests <1b>[0;32mOK<1b>[0m test_cpi_inflator.R........... 8 tests <1b>[0;32mOK<1b>[0m test_cpi_inflator.R........... 9 tests <1b>[0;32mOK<1b>[0m test_cpi_inflator.R........... 10 tests <1b>[0;32mOK<1b>[0m test_cpi_inflator.R........... 11 tests <1b>[0;32mOK<1b>[0m test_cpi_inflator.R........... 12 tests <1b>[0;32mOK<1b>[0m test_cpi_inflator.R........... 12 tests <1b>[0;32mOK<1b>[0m test_cpi_inflator.R........... 12 tests <1b>[0;32mOK<1b>[0m test_cpi_inflator.R........... 12 tests <1b>[0;32mOK<1b>[0m test_cpi_inflator.R........... 13 tests <1b>[0;32mOK<1b>[0m test_cpi_inflator.R........... 14 tests <1b>[0;32mOK<1b>[0m test_cpi_inflator.R........... 15 tests <1b>[0;32mOK<1b>[0m test_cpi_inflator.R........... 16 tests <1b>[0;32mOK<1b>[0m test_cpi_inflator.R........... 17 tests <1b>[0;32mOK<1b>[0m test_cpi_inflator.R........... 18 tests <1b>[0;32mOK<1b>[0m test_cpi_inflator.R........... 19 tests <1b>[0;32mOK<1b>[0m test_cpi_inflator.R........... 19 tests <1b>[0;32mOK<1b>[0m test_cpi_inflator.R........... 19 tests <1b>[0;32mOK<1b>[0m test_cpi_inflator.R........... 20 tests <1b>[0;32mOK<1b>[0m test_cpi_inflator.R........... 20 tests <1b>[0;32mOK<1b>[0m test_cpi_inflator.R........... 21 tests <1b>[0;32mOK<1b>[0m test_cpi_inflator.R........... 21 tests <1b>[0;32mOK<1b>[0m test_cpi_inflator.R........... 22 tests <1b>[0;32mOK<1b>[0m test_cpi_inflator.R........... 22 tests <1b>[0;32mOK<1b>[0m test_cpi_inflator.R........... 23 tests <1b>[0;32mOK<1b>[0m test_cpi_inflator.R........... 23 tests <1b>[0;32mOK<1b>[0m test_cpi_inflator.R........... 24 tests <1b>[0;32mOK<1b>[0m test_cpi_inflator.R........... 24 tests <1b>[0;32mOK<1b>[0m test_cpi_inflator.R........... 25 tests <1b>[0;32mOK<1b>[0m test_cpi_inflator.R........... 25 tests <1b>[0;32mOK<1b>[0m test_cpi_inflator.R........... 26 tests <1b>[0;32mOK<1b>[0m test_cpi_inflator.R........... 27 tests <1b>[0;32mOK<1b>[0m test_cpi_inflator.R........... 28 tests <1b>[0;32mOK<1b>[0m test_cpi_inflator.R........... 28 tests <1b>[0;32mOK<1b>[0m test_cpi_inflator.R........... 29 tests <1b>[0;31m1 fails<1b>[0m test_cpi_inflator.R........... 29 tests <1b>[0;31m1 fails<1b>[0m test_cpi_inflator.R........... 30 tests <1b>[0;31m1 fails<1b>[0m test_cpi_inflator.R........... 30 tests <1b>[0;31m1 fails<1b>[0m test_cpi_inflator.R........... 31 tests <1b>[0;31m1 fails<1b>[0m test_cpi_inflator.R........... 32 tests <1b>[0;31m1 fails<1b>[0m test_cpi_inflator.R........... 33 tests <1b>[0;31m1 fails<1b>[0m test_cpi_inflator.R........... 36 tests <1b>[0;31m1 fails<1b>[0m <1b>[0;34m0.2s<1b>[0m test_download_data.R.......... 0 tests test_download_data.R.......... 0 tests <1b>[0;36m4ms<1b>[0m test_fast_as_idate.R.......... 0 tests test_fast_as_idate.R.......... 0 tests test_fast_as_idate.R.......... 1 tests <1b>[0;32mOK<1b>[0m test_fast_as_idate.R.......... 2 tests <1b>[0;32mOK<1b>[0m test_fast_as_idate.R.......... 3 tests <1b>[0;32mOK<1b>[0m test_fast_as_idate.R.......... 4 tests <1b>[0;32mOK<1b>[0m test_fast_as_idate.R.......... 5 tests <1b>[0;32mOK<1b>[0m test_fast_as_idate.R.......... 6 tests <1b>[0;32mOK<1b>[0m test_fast_as_idate.R.......... 7 tests <1b>[0;32mOK<1b>[0m <1b>[0;34m0.4s<1b>[0m test_format_idate.R........... 0 tests test_format_idate.R........... 0 tests test_format_idate.R........... 1 tests <1b>[0;32mOK<1b>[0m <1b>[0;36m3ms<1b>[0m test_grattanInflators.R....... 1 tests <1b>[0;32mOK<1b>[0m <1b>[0;36m3ms<1b>[0m test_inflator_annual.R........ 0 tests test_inflator_annual.R........ 0 tests test_inflator_annual.R........ 0 tests test_inflator_annual.R........ 1 tests <1b>[0;32mOK<1b>[0m test_inflator_annual.R........ 2 tests <1b>[0;32mOK<1b>[0m test_inflator_annual.R........ 2 tests <1b>[0;32mOK<1b>[0m test_inflator_annual.R........ 3 tests <1b>[0;32mOK<1b>[0m test_inflator_annual.R........ 3 tests <1b>[0;32mOK<1b>[0m test_inflator_annual.R........ 4 tests <1b>[0;32mOK<1b>[0m test_inflator_annual.R........ 5 tests <1b>[0;32mOK<1b>[0m test_inflator_annual.R........ 5 tests <1b>[0;32mOK<1b>[0m test_inflator_annual.R........ 6 tests <1b>[0;32mOK<1b>[0m test_inflator_annual.R........ 6 tests <1b>[0;32mOK<1b>[0m test_inflator_annual.R........ 7 tests <1b>[0;32mOK<1b>[0m test_inflator_annual.R........ 7 tests <1b>[0;32mOK<1b>[0m test_inflator_annual.R........ 8 tests <1b>[0;32mOK<1b>[0m test_inflator_annual.R........ 8 tests <1b>[0;32mOK<1b>[0m test_inflator_annual.R........ 9 tests <1b>[0;32mOK<1b>[0m test_inflator_annual.R........ 9 tests <1b>[0;32mOK<1b>[0m test_inflator_annual.R........ 10 tests <1b>[0;32mOK<1b>[0m test_inflator_annual.R........ 10 tests <1b>[0;32mOK<1b>[0m test_inflator_annual.R........ 11 tests <1b>[0;32mOK<1b>[0m test_inflator_annual.R........ 11 tests <1b>[0;32mOK<1b>[0m test_inflator_annual.R........ 12 tests <1b>[0;32mOK<1b>[0m test_inflator_annual.R........ 12 tests <1b>[0;32mOK<1b>[0m test_inflator_annual.R........ 13 tests <1b>[0;32mOK<1b>[0m test_inflator_annual.R........ 14 tests <1b>[0;32mOK<1b>[0m test_inflator_annual.R........ 14 tests <1b>[0;32mOK<1b>[0m test_inflator_annual.R........ 14 tests <1b>[0;32mOK<1b>[0m test_inflator_annual.R........ 15 tests <1b>[0;32mOK<1b>[0m test_inflator_annual.R........ 16 tests <1b>[0;32mOK<1b>[0m test_inflator_annual.R........ 17 tests <1b>[0;32mOK<1b>[0m test_inflator_annual.R........ 17 tests <1b>[0;32mOK<1b>[0m test_inflator_annual.R........ 18 tests <1b>[0;32mOK<1b>[0m test_inflator_annual.R........ 19 tests <1b>[0;32mOK<1b>[0m test_inflator_annual.R........ 19 tests <1b>[0;32mOK<1b>[0m test_inflator_annual.R........ 19 tests <1b>[0;32mOK<1b>[0m test_inflator_annual.R........ 20 tests <1b>[0;32mOK<1b>[0m test_inflator_annual.R........ 21 tests <1b>[0;32mOK<1b>[0m test_inflator_annual.R........ 21 tests <1b>[0;32mOK<1b>[0m test_inflator_annual.R........ 22 tests <1b>[0;32mOK<1b>[0m test_inflator_annual.R........ 23 tests <1b>[0;32mOK<1b>[0m test_inflator_annual.R........ 24 tests <1b>[0;32mOK<1b>[0m test_inflator_annual.R........ 25 tests <1b>[0;32mOK<1b>[0m test_inflator_annual.R........ 26 tests <1b>[0;32mOK<1b>[0m test_inflator_annual.R........ 27 tests <1b>[0;32mOK<1b>[0m test_inflator_annual.R........ 28 tests <1b>[0;32mOK<1b>[0m test_inflator_annual.R........ 28 tests <1b>[0;32mOK<1b>[0m test_inflator_annual.R........ 29 tests <1b>[0;32mOK<1b>[0m test_inflator_annual.R........ 30 tests <1b>[0;32mOK<1b>[0m test_inflator_annual.R........ 31 tests <1b>[0;32mOK<1b>[0m <1b>[0;36m72ms<1b>[0m test_lf_inflator.R............ 0 tests test_lf_inflator.R............ 1 tests <1b>[0;32mOK<1b>[0m test_lf_inflator.R............ 2 tests <1b>[0;32mOK<1b>[0m test_lf_inflator.R............ 2 tests <1b>[0;32mOK<1b>[0m test_lf_inflator.R............ 3 tests <1b>[0;32mOK<1b>[0m test_lf_inflator.R............ 4 tests <1b>[0;32mOK<1b>[0m test_lf_inflator.R............ 4 tests <1b>[0;32mOK<1b>[0m test_lf_inflator.R............ 4 tests <1b>[0;32mOK<1b>[0m test_lf_inflator.R............ 5 tests <1b>[0;32mOK<1b>[0m test_lf_inflator.R............ 5 tests <1b>[0;32mOK<1b>[0m test_lf_inflator.R............ 5 tests <1b>[0;32mOK<1b>[0m test_lf_inflator.R............ 6 tests <1b>[0;32mOK<1b>[0m test_lf_inflator.R............ 7 tests <1b>[0;32mOK<1b>[0m test_lf_inflator.R............ 7 tests <1b>[0;32mOK<1b>[0m test_lf_inflator.R............ 8 tests <1b>[0;32mOK<1b>[0m test_lf_inflator.R............ 9 tests <1b>[0;32mOK<1b>[0m <1b>[0;34m3.2s<1b>[0m test_minDate.R................ 1 tests <1b>[0;32mOK<1b>[0m test_minDate.R................ 2 tests <1b>[0;32mOK<1b>[0m test_minDate.R................ 3 tests <1b>[0;32mOK<1b>[0m test_minDate.R................ 4 tests <1b>[0;32mOK<1b>[0m <1b>[0;36m5ms<1b>[0m test_wage_inflator.R.......... 0 tests test_wage_inflator.R.......... 1 tests <1b>[0;32mOK<1b>[0m test_wage_inflator.R.......... 2 tests <1b>[0;32mOK<1b>[0m <1b>[0;36m14ms<1b>[0m ----- FAILED[xcpt]: test_cpi_inflator.R<76--76> call| expect_error(cpi_inflator(flp, "2000-01-01", check = 2, series = "trimmed.mean"), call| --> "f(lp|rom).4.") diff| The error message: diff| 'cpi_inflator(flp, "2000-01-01", check = 2L, series = "trimmed.mean"): `from[1] = 2000-02-29`, which is earlier than the earliest date in the series (2002-6-01)' diff| does not match pattern 'f(lp|rom).4.' Error: 1 out of 109 tests failed Execution halted Flavor: r-release-windows-x86_64

Version: 0.5.1
Check: tests
Result: ERROR Running 'tinytest.R' [4s] Running the tests in 'tests/tinytest.R' failed. Complete output: > > if (requireNamespace("tinytest", quietly = TRUE)) { + library(data.table) + setDTthreads(1) + tinytest::test_package("grattanInflators") + } test_YearMonthSplit.R......... 0 tests test_YearMonthSplit.R......... 0 tests test_YearMonthSplit.R......... 0 tests test_YearMonthSplit.R......... 0 tests test_YearMonthSplit.R......... 0 tests test_YearMonthSplit.R......... 1 tests <1b>[0;32mOK<1b>[0m test_YearMonthSplit.R......... 2 tests <1b>[0;32mOK<1b>[0m test_YearMonthSplit.R......... 3 tests <1b>[0;32mOK<1b>[0m test_YearMonthSplit.R......... 4 tests <1b>[0;32mOK<1b>[0m test_YearMonthSplit.R......... 5 tests <1b>[0;32mOK<1b>[0m test_YearMonthSplit.R......... 6 tests <1b>[0;32mOK<1b>[0m test_YearMonthSplit.R......... 7 tests <1b>[0;32mOK<1b>[0m test_YearMonthSplit.R......... 8 tests <1b>[0;32mOK<1b>[0m test_YearMonthSplit.R......... 9 tests <1b>[0;32mOK<1b>[0m test_YearMonthSplit.R......... 10 tests <1b>[0;32mOK<1b>[0m test_YearMonthSplit.R......... 11 tests <1b>[0;32mOK<1b>[0m test_YearMonthSplit.R......... 12 tests <1b>[0;32mOK<1b>[0m test_YearMonthSplit.R......... 12 tests <1b>[0;32mOK<1b>[0m test_YearMonthSplit.R......... 13 tests <1b>[0;32mOK<1b>[0m test_YearMonthSplit.R......... 14 tests <1b>[0;32mOK<1b>[0m test_YearMonthSplit.R......... 14 tests <1b>[0;32mOK<1b>[0m test_YearMonthSplit.R......... 15 tests <1b>[0;32mOK<1b>[0m test_YearMonthSplit.R......... 16 tests <1b>[0;32mOK<1b>[0m test_YearMonthSplit.R......... 17 tests <1b>[0;32mOK<1b>[0m test_YearMonthSplit.R......... 18 tests <1b>[0;32mOK<1b>[0m <1b>[0;34m0.1s<1b>[0m test_cpi_inflator.R........... 0 tests test_cpi_inflator.R........... 0 tests test_cpi_inflator.R........... 0 tests test_cpi_inflator.R........... 0 tests test_cpi_inflator.R........... 1 tests <1b>[0;32mOK<1b>[0m test_cpi_inflator.R........... 2 tests <1b>[0;32mOK<1b>[0m test_cpi_inflator.R........... 3 tests <1b>[0;32mOK<1b>[0m test_cpi_inflator.R........... 4 tests <1b>[0;32mOK<1b>[0m test_cpi_inflator.R........... 4 tests <1b>[0;32mOK<1b>[0m test_cpi_inflator.R........... 4 tests <1b>[0;32mOK<1b>[0m test_cpi_inflator.R........... 5 tests <1b>[0;32mOK<1b>[0m test_cpi_inflator.R........... 6 tests <1b>[0;32mOK<1b>[0m test_cpi_inflator.R........... 7 tests <1b>[0;32mOK<1b>[0m test_cpi_inflator.R........... 8 tests <1b>[0;32mOK<1b>[0m test_cpi_inflator.R........... 9 tests <1b>[0;32mOK<1b>[0m test_cpi_inflator.R........... 10 tests <1b>[0;32mOK<1b>[0m test_cpi_inflator.R........... 11 tests <1b>[0;32mOK<1b>[0m test_cpi_inflator.R........... 12 tests <1b>[0;32mOK<1b>[0m test_cpi_inflator.R........... 12 tests <1b>[0;32mOK<1b>[0m test_cpi_inflator.R........... 12 tests <1b>[0;32mOK<1b>[0m test_cpi_inflator.R........... 12 tests <1b>[0;32mOK<1b>[0m test_cpi_inflator.R........... 13 tests <1b>[0;32mOK<1b>[0m test_cpi_inflator.R........... 14 tests <1b>[0;32mOK<1b>[0m test_cpi_inflator.R........... 15 tests <1b>[0;32mOK<1b>[0m test_cpi_inflator.R........... 16 tests <1b>[0;32mOK<1b>[0m test_cpi_inflator.R........... 17 tests <1b>[0;32mOK<1b>[0m test_cpi_inflator.R........... 18 tests <1b>[0;32mOK<1b>[0m test_cpi_inflator.R........... 19 tests <1b>[0;32mOK<1b>[0m test_cpi_inflator.R........... 19 tests <1b>[0;32mOK<1b>[0m test_cpi_inflator.R........... 19 tests <1b>[0;32mOK<1b>[0m test_cpi_inflator.R........... 20 tests <1b>[0;32mOK<1b>[0m test_cpi_inflator.R........... 20 tests <1b>[0;32mOK<1b>[0m test_cpi_inflator.R........... 21 tests <1b>[0;32mOK<1b>[0m test_cpi_inflator.R........... 21 tests <1b>[0;32mOK<1b>[0m test_cpi_inflator.R........... 22 tests <1b>[0;32mOK<1b>[0m test_cpi_inflator.R........... 22 tests <1b>[0;32mOK<1b>[0m test_cpi_inflator.R........... 23 tests <1b>[0;32mOK<1b>[0m test_cpi_inflator.R........... 23 tests <1b>[0;32mOK<1b>[0m test_cpi_inflator.R........... 24 tests <1b>[0;32mOK<1b>[0m test_cpi_inflator.R........... 24 tests <1b>[0;32mOK<1b>[0m test_cpi_inflator.R........... 25 tests <1b>[0;32mOK<1b>[0m test_cpi_inflator.R........... 25 tests <1b>[0;32mOK<1b>[0m test_cpi_inflator.R........... 26 tests <1b>[0;32mOK<1b>[0m test_cpi_inflator.R........... 27 tests <1b>[0;32mOK<1b>[0m test_cpi_inflator.R........... 28 tests <1b>[0;32mOK<1b>[0m test_cpi_inflator.R........... 28 tests <1b>[0;32mOK<1b>[0m test_cpi_inflator.R........... 29 tests <1b>[0;31m1 fails<1b>[0m test_cpi_inflator.R........... 29 tests <1b>[0;31m1 fails<1b>[0m test_cpi_inflator.R........... 30 tests <1b>[0;31m1 fails<1b>[0m test_cpi_inflator.R........... 30 tests <1b>[0;31m1 fails<1b>[0m test_cpi_inflator.R........... 31 tests <1b>[0;31m1 fails<1b>[0m test_cpi_inflator.R........... 32 tests <1b>[0;31m1 fails<1b>[0m test_cpi_inflator.R........... 33 tests <1b>[0;31m1 fails<1b>[0m test_cpi_inflator.R........... 36 tests <1b>[0;31m1 fails<1b>[0m <1b>[0;34m0.2s<1b>[0m test_download_data.R.......... 0 tests test_download_data.R.......... 0 tests <1b>[0;36m4ms<1b>[0m test_fast_as_idate.R.......... 0 tests test_fast_as_idate.R.......... 0 tests test_fast_as_idate.R.......... 1 tests <1b>[0;32mOK<1b>[0m test_fast_as_idate.R.......... 2 tests <1b>[0;32mOK<1b>[0m test_fast_as_idate.R.......... 3 tests <1b>[0;32mOK<1b>[0m test_fast_as_idate.R.......... 4 tests <1b>[0;32mOK<1b>[0m test_fast_as_idate.R.......... 5 tests <1b>[0;32mOK<1b>[0m test_fast_as_idate.R.......... 6 tests <1b>[0;32mOK<1b>[0m test_fast_as_idate.R.......... 7 tests <1b>[0;32mOK<1b>[0m <1b>[0;34m0.3s<1b>[0m test_format_idate.R........... 0 tests test_format_idate.R........... 0 tests test_format_idate.R........... 1 tests <1b>[0;32mOK<1b>[0m <1b>[0;36m3ms<1b>[0m test_grattanInflators.R....... 1 tests <1b>[0;32mOK<1b>[0m <1b>[0;36m3ms<1b>[0m test_inflator_annual.R........ 0 tests test_inflator_annual.R........ 0 tests test_inflator_annual.R........ 0 tests test_inflator_annual.R........ 1 tests <1b>[0;32mOK<1b>[0m test_inflator_annual.R........ 2 tests <1b>[0;32mOK<1b>[0m test_inflator_annual.R........ 2 tests <1b>[0;32mOK<1b>[0m test_inflator_annual.R........ 3 tests <1b>[0;32mOK<1b>[0m test_inflator_annual.R........ 3 tests <1b>[0;32mOK<1b>[0m test_inflator_annual.R........ 4 tests <1b>[0;32mOK<1b>[0m test_inflator_annual.R........ 5 tests <1b>[0;32mOK<1b>[0m test_inflator_annual.R........ 5 tests <1b>[0;32mOK<1b>[0m test_inflator_annual.R........ 6 tests <1b>[0;32mOK<1b>[0m test_inflator_annual.R........ 6 tests <1b>[0;32mOK<1b>[0m test_inflator_annual.R........ 7 tests <1b>[0;32mOK<1b>[0m test_inflator_annual.R........ 7 tests <1b>[0;32mOK<1b>[0m test_inflator_annual.R........ 8 tests <1b>[0;32mOK<1b>[0m test_inflator_annual.R........ 8 tests <1b>[0;32mOK<1b>[0m test_inflator_annual.R........ 9 tests <1b>[0;32mOK<1b>[0m test_inflator_annual.R........ 9 tests <1b>[0;32mOK<1b>[0m test_inflator_annual.R........ 10 tests <1b>[0;32mOK<1b>[0m test_inflator_annual.R........ 10 tests <1b>[0;32mOK<1b>[0m test_inflator_annual.R........ 11 tests <1b>[0;32mOK<1b>[0m test_inflator_annual.R........ 11 tests <1b>[0;32mOK<1b>[0m test_inflator_annual.R........ 12 tests <1b>[0;32mOK<1b>[0m test_inflator_annual.R........ 12 tests <1b>[0;32mOK<1b>[0m test_inflator_annual.R........ 13 tests <1b>[0;32mOK<1b>[0m test_inflator_annual.R........ 14 tests <1b>[0;32mOK<1b>[0m test_inflator_annual.R........ 14 tests <1b>[0;32mOK<1b>[0m test_inflator_annual.R........ 14 tests <1b>[0;32mOK<1b>[0m test_inflator_annual.R........ 15 tests <1b>[0;32mOK<1b>[0m test_inflator_annual.R........ 16 tests <1b>[0;32mOK<1b>[0m test_inflator_annual.R........ 17 tests <1b>[0;32mOK<1b>[0m test_inflator_annual.R........ 17 tests <1b>[0;32mOK<1b>[0m test_inflator_annual.R........ 18 tests <1b>[0;32mOK<1b>[0m test_inflator_annual.R........ 19 tests <1b>[0;32mOK<1b>[0m test_inflator_annual.R........ 19 tests <1b>[0;32mOK<1b>[0m test_inflator_annual.R........ 19 tests <1b>[0;32mOK<1b>[0m test_inflator_annual.R........ 20 tests <1b>[0;32mOK<1b>[0m test_inflator_annual.R........ 21 tests <1b>[0;32mOK<1b>[0m test_inflator_annual.R........ 21 tests <1b>[0;32mOK<1b>[0m test_inflator_annual.R........ 22 tests <1b>[0;32mOK<1b>[0m test_inflator_annual.R........ 23 tests <1b>[0;32mOK<1b>[0m test_inflator_annual.R........ 24 tests <1b>[0;32mOK<1b>[0m test_inflator_annual.R........ 25 tests <1b>[0;32mOK<1b>[0m test_inflator_annual.R........ 26 tests <1b>[0;32mOK<1b>[0m test_inflator_annual.R........ 27 tests <1b>[0;32mOK<1b>[0m test_inflator_annual.R........ 28 tests <1b>[0;32mOK<1b>[0m test_inflator_annual.R........ 28 tests <1b>[0;32mOK<1b>[0m test_inflator_annual.R........ 29 tests <1b>[0;32mOK<1b>[0m test_inflator_annual.R........ 30 tests <1b>[0;32mOK<1b>[0m test_inflator_annual.R........ 31 tests <1b>[0;32mOK<1b>[0m <1b>[0;36m71ms<1b>[0m test_lf_inflator.R............ 0 tests test_lf_inflator.R............ 1 tests <1b>[0;32mOK<1b>[0m test_lf_inflator.R............ 2 tests <1b>[0;32mOK<1b>[0m test_lf_inflator.R............ 2 tests <1b>[0;32mOK<1b>[0m test_lf_inflator.R............ 3 tests <1b>[0;32mOK<1b>[0m test_lf_inflator.R............ 4 tests <1b>[0;32mOK<1b>[0m test_lf_inflator.R............ 4 tests <1b>[0;32mOK<1b>[0m test_lf_inflator.R............ 4 tests <1b>[0;32mOK<1b>[0m test_lf_inflator.R............ 5 tests <1b>[0;32mOK<1b>[0m test_lf_inflator.R............ 5 tests <1b>[0;32mOK<1b>[0m test_lf_inflator.R............ 5 tests <1b>[0;32mOK<1b>[0m test_lf_inflator.R............ 6 tests <1b>[0;32mOK<1b>[0m test_lf_inflator.R............ 7 tests <1b>[0;32mOK<1b>[0m test_lf_inflator.R............ 7 tests <1b>[0;32mOK<1b>[0m test_lf_inflator.R............ 8 tests <1b>[0;32mOK<1b>[0m test_lf_inflator.R............ 9 tests <1b>[0;32mOK<1b>[0m <1b>[0;34m2.9s<1b>[0m test_minDate.R................ 1 tests <1b>[0;32mOK<1b>[0m test_minDate.R................ 2 tests <1b>[0;32mOK<1b>[0m test_minDate.R................ 3 tests <1b>[0;32mOK<1b>[0m test_minDate.R................ 4 tests <1b>[0;32mOK<1b>[0m <1b>[0;36m3ms<1b>[0m test_wage_inflator.R.......... 0 tests test_wage_inflator.R.......... 1 tests <1b>[0;32mOK<1b>[0m test_wage_inflator.R.......... 2 tests <1b>[0;32mOK<1b>[0m <1b>[0;36m8ms<1b>[0m ----- FAILED[xcpt]: test_cpi_inflator.R<76--76> call| expect_error(cpi_inflator(flp, "2000-01-01", check = 2, series = "trimmed.mean"), call| --> "f(lp|rom).4.") diff| The error message: diff| 'cpi_inflator(flp, "2000-01-01", check = 2L, series = "trimmed.mean"): `from[1] = 2000-02-29`, which is earlier than the earliest date in the series (2002-6-01)' diff| does not match pattern 'f(lp|rom).4.' Error: 1 out of 109 tests failed Execution halted Flavor: r-oldrel-windows-x86_64