CRAN Package Check Results for Package graphsim

Last updated on 2022-06-26 11:52:33 CEST.

Flavor Version Tinstall Tcheck Ttotal Status Flags
r-devel-linux-x86_64-debian-clang 1.0.2 8.90 90.75 99.65 OK
r-devel-linux-x86_64-debian-gcc 1.0.2 8.30 68.19 76.49 OK
r-devel-linux-x86_64-fedora-clang 1.0.2 137.16 WARN
r-devel-linux-x86_64-fedora-gcc 1.0.2 130.39 WARN
r-devel-windows-x86_64 1.0.2 51.00 119.00 170.00 OK
r-patched-linux-x86_64 1.0.2 10.24 86.30 96.54 OK
r-release-linux-x86_64 1.0.2 9.33 87.07 96.40 OK
r-release-macos-arm64 1.0.2 37.00 NOTE
r-release-macos-x86_64 1.0.2 54.00 NOTE
r-release-windows-x86_64 1.0.2 52.00 114.00 166.00 OK
r-oldrel-macos-arm64 1.0.2 31.00 NOTE
r-oldrel-macos-x86_64 1.0.2 52.00 NOTE
r-oldrel-windows-ix86+x86_64 1.0.2 22.00 113.00 135.00 OK

Check Details

Version: 1.0.2
Check: package dependencies
Result: WARN
    Requires (indirectly) orphaned package: ‘gtools’
Flavors: r-devel-linux-x86_64-fedora-clang, r-devel-linux-x86_64-fedora-gcc

Version: 1.0.2
Check: dependencies in R code
Result: NOTE
    Namespace in Imports field not imported from: ‘utils’
     All declared Imports should be used.
Flavors: r-devel-linux-x86_64-fedora-clang, r-devel-linux-x86_64-fedora-gcc, r-release-macos-arm64, r-release-macos-x86_64, r-oldrel-macos-arm64, r-oldrel-macos-x86_64