CRAN Package Check Results for Package graphkernels

Last updated on 2022-07-05 11:49:54 CEST.

Flavor Version Tinstall Tcheck Ttotal Status Flags
r-devel-linux-x86_64-debian-clang 1.6.1 42.02 65.72 107.74 OK
r-devel-linux-x86_64-debian-gcc 1.6.1 39.02 52.87 91.89 OK
r-devel-linux-x86_64-fedora-clang 1.6.1 162.74 NOTE
r-devel-linux-x86_64-fedora-gcc 1.6.1 161.52 OK
r-devel-windows-x86_64 1.6.1 59.00 126.00 185.00 OK
r-patched-linux-x86_64 1.6.1 46.06 64.99 111.05 OK
r-release-linux-x86_64 1.6.1 45.61 64.73 110.34 OK
r-release-macos-arm64 1.6.1 49.00 NOTE
r-release-macos-x86_64 1.6.1 63.00 NOTE
r-release-windows-x86_64 1.6.1 82.00 117.00 199.00 OK
r-oldrel-macos-arm64 1.6.1 44.00 NOTE
r-oldrel-macos-x86_64 1.6.1 61.00 NOTE
r-oldrel-windows-ix86+x86_64 1.6.1 111.00 156.00 267.00 OK

Check Details

Version: 1.6.1
Check: installed package size
Result: NOTE
     installed size is 9.3Mb
     sub-directories of 1Mb or more:
     libs 9.1Mb
Flavors: r-devel-linux-x86_64-fedora-clang, r-release-macos-arm64, r-release-macos-x86_64, r-oldrel-macos-arm64, r-oldrel-macos-x86_64