Last updated on 2024-03-29 09:55:24 CET.
Flavor | Version | Tinstall | Tcheck | Ttotal | Status | Flags |
---|---|---|---|---|---|---|
r-devel-linux-x86_64-debian-clang | 0.3.1 | 13.16 | 143.38 | 156.54 | OK | |
r-devel-linux-x86_64-debian-gcc | 0.3.1 | 13.82 | 106.30 | 120.12 | OK | |
r-devel-linux-x86_64-fedora-clang | 0.3.1 | 196.27 | NOTE | |||
r-devel-linux-x86_64-fedora-gcc | 0.3.1 | 206.02 | OK | |||
r-devel-windows-x86_64 | 0.3.1 | 15.00 | 377.00 | 392.00 | OK | |
r-patched-linux-x86_64 | 0.3.1 | 12.20 | 142.70 | 154.90 | OK | |
r-release-linux-x86_64 | 0.3.1 | 10.78 | 140.32 | 151.10 | OK | |
r-release-macos-arm64 | 0.3.1 | 195.00 | OK | |||
r-release-macos-x86_64 | 0.3.1 | 478.00 | OK | |||
r-release-windows-x86_64 | 0.3.1 | 20.00 | 488.00 | 508.00 | OK | |
r-oldrel-macos-arm64 | 0.3.1 | 181.00 | OK | |||
r-oldrel-windows-x86_64 | 0.3.1 | 20.00 | 480.00 | 500.00 | OK |
Version: 0.3.1
Check: Rd cross-references
Result: NOTE
Undeclared package ‘glasso’ in Rd xrefs
Flavor: r-devel-linux-x86_64-fedora-clang