Last updated on 2023-01-30 10:52:02 CET.
Flavor | Version | Tinstall | Tcheck | Ttotal | Status | Flags |
---|---|---|---|---|---|---|
r-devel-linux-x86_64-debian-clang | 0.2.0 | 12.63 | 174.89 | 187.52 | OK | |
r-devel-linux-x86_64-debian-gcc | 0.2.0 | 12.32 | 126.72 | 139.04 | OK | |
r-devel-linux-x86_64-fedora-clang | 0.2.0 | 231.99 | NOTE | |||
r-devel-linux-x86_64-fedora-gcc | 0.2.0 | 238.53 | OK | |||
r-devel-windows-x86_64 | 0.2.0 | 265.00 | 255.00 | 520.00 | OK | |
r-patched-linux-x86_64 | 0.2.0 | 12.13 | 163.66 | 175.79 | OK | |
r-release-linux-x86_64 | 0.2.0 | 11.97 | 157.24 | 169.21 | OK | |
r-release-macos-arm64 | 0.2.0 | 76.00 | OK | |||
r-release-macos-x86_64 | 0.2.0 | 97.00 | OK | |||
r-release-windows-x86_64 | 0.2.0 | 198.00 | 243.00 | 441.00 | OK | |
r-oldrel-macos-arm64 | 0.2.0 | 77.00 | OK | |||
r-oldrel-macos-x86_64 | 0.2.0 | 101.00 | OK | |||
r-oldrel-windows-ix86+x86_64 | 0.2.0 | 25.00 | 233.00 | 258.00 | OK |
Version: 0.2.0
Check: Rd cross-references
Result: NOTE
Undeclared package ‘glasso’ in Rd xrefs
Flavor: r-devel-linux-x86_64-fedora-clang