Last updated on 2023-09-27 12:02:49 CEST.
Flavor | Version | Tinstall | Tcheck | Ttotal | Status | Flags |
---|---|---|---|---|---|---|
r-devel-linux-x86_64-debian-clang | 1.0.0 | 13.44 | 137.24 | 150.68 | NOTE | |
r-devel-linux-x86_64-debian-gcc | 1.0.0 | 8.87 | 101.45 | 110.32 | NOTE | |
r-devel-linux-x86_64-fedora-clang | 1.0.0 | 180.21 | NOTE | |||
r-devel-linux-x86_64-fedora-gcc | 1.0.0 | 190.48 | NOTE | |||
r-devel-windows-x86_64 | 1.0.0 | 12.00 | 130.00 | 142.00 | NOTE | |
r-patched-linux-x86_64 | 1.0.0 | 13.74 | 129.09 | 142.83 | NOTE | |
r-release-linux-x86_64 | 1.0.0 | 11.22 | 129.08 | 140.30 | NOTE | |
r-release-macos-arm64 | 1.0.0 | 67.00 | NOTE | |||
r-release-macos-x86_64 | 1.0.0 | 98.00 | NOTE | |||
r-release-windows-x86_64 | 1.0.0 | 16.00 | 149.00 | 165.00 | NOTE | |
r-oldrel-macos-arm64 | 1.0.0 | 49.00 | NOTE | |||
r-oldrel-macos-x86_64 | 1.0.0 | 92.00 | NOTE | |||
r-oldrel-windows-x86_64 | 1.0.0 | 16.00 | 154.00 | 170.00 | NOTE |
Version: 1.0.0
Check: LazyData
Result: NOTE
'LazyData' is specified without a 'data' directory
Flavors: r-devel-linux-x86_64-debian-clang, r-devel-linux-x86_64-debian-gcc, r-devel-linux-x86_64-fedora-clang, r-devel-linux-x86_64-fedora-gcc, r-devel-windows-x86_64, r-patched-linux-x86_64, r-release-linux-x86_64, r-release-macos-arm64, r-release-macos-x86_64, r-release-windows-x86_64, r-oldrel-macos-arm64, r-oldrel-macos-x86_64, r-oldrel-windows-x86_64
Version: 1.0.0
Check: dependencies in R code
Result: NOTE
Namespace in Imports field not imported from: ‘reshape2’
All declared Imports should be used.
Flavors: r-devel-linux-x86_64-fedora-clang, r-devel-linux-x86_64-fedora-gcc, r-oldrel-macos-arm64, r-oldrel-macos-x86_64