CRAN Package Check Results for Package graph4lg

Last updated on 2022-07-04 12:54:11 CEST.

Flavor Version Tinstall Tcheck Ttotal Status Flags
r-devel-linux-x86_64-debian-clang 1.6.0 17.40 184.14 201.54 NOTE
r-devel-linux-x86_64-debian-gcc 1.6.0 14.15 134.92 149.07 NOTE
r-devel-linux-x86_64-fedora-clang 1.6.0 246.34 WARN
r-devel-linux-x86_64-fedora-gcc 1.6.0 243.89 WARN
r-devel-windows-x86_64 1.6.0 109.00 233.00 342.00 NOTE
r-patched-linux-x86_64 1.6.0 12.17 176.80 188.97 OK
r-release-linux-x86_64 1.6.0 10.76 174.43 185.19 OK
r-release-macos-arm64 1.6.0 86.00 NOTE
r-release-macos-x86_64 1.6.0 103.00 NOTE
r-release-windows-x86_64 1.6.0 82.00 244.00 326.00 OK
r-oldrel-macos-arm64 1.6.0 81.00 NOTE
r-oldrel-macos-x86_64 1.6.0 112.00 NOTE
r-oldrel-windows-ix86+x86_64 1.6.0 32.00 249.00 281.00 OK

Check Details

Version: 1.6.0
Check: Rd files
Result: NOTE
    checkRd: (-1) convert_cd.Rd:79: Escaped LaTeX specials: \&
    checkRd: (-1) gen_graph_indep.Rd:126: Escaped LaTeX specials: \&
    checkRd: (-1) graphab_to_igraph.Rd:87: Escaped LaTeX specials: \&
Flavors: r-devel-linux-x86_64-debian-clang, r-devel-linux-x86_64-debian-gcc, r-devel-linux-x86_64-fedora-clang, r-devel-linux-x86_64-fedora-gcc, r-devel-windows-x86_64

Version: 1.6.0
Check: package dependencies
Result: WARN
    Requires (indirectly) orphaned package: ‘gtools’
Flavors: r-devel-linux-x86_64-fedora-clang, r-devel-linux-x86_64-fedora-gcc

Version: 1.6.0
Check: dependencies in R code
Result: NOTE
    Namespace in Imports field not imported from: ‘Rdpack’
     All declared Imports should be used.
Flavors: r-devel-linux-x86_64-fedora-clang, r-devel-linux-x86_64-fedora-gcc, r-release-macos-arm64, r-release-macos-x86_64, r-oldrel-macos-arm64, r-oldrel-macos-x86_64