CRAN Package Check Results for Package gqlr

Last updated on 2022-06-30 11:53:09 CEST.

Flavor Version Tinstall Tcheck Ttotal Status Flags
r-devel-linux-x86_64-debian-clang 0.0.2 15.34 216.22 231.56 NOTE
r-devel-linux-x86_64-debian-gcc 0.0.2 11.95 152.35 164.30 NOTE
r-devel-linux-x86_64-fedora-clang 0.0.2 263.73 NOTE
r-devel-linux-x86_64-fedora-gcc 0.0.2 270.31 NOTE
r-devel-windows-x86_64 0.0.2 43.00 217.00 260.00 NOTE
r-patched-linux-x86_64 0.0.2 12.73 195.41 208.14 NOTE
r-release-linux-x86_64 0.0.2 12.78 200.02 212.80 NOTE
r-release-macos-arm64 0.0.2 63.00 NOTE
r-release-macos-x86_64 0.0.2 82.00 NOTE
r-release-windows-x86_64 0.0.2 45.00 218.00 263.00 NOTE
r-oldrel-macos-arm64 0.0.2 76.00 NOTE
r-oldrel-macos-x86_64 0.0.2 126.00 NOTE
r-oldrel-windows-ix86+x86_64 0.0.2 35.00 239.00 274.00 NOTE

Check Details

Version: 0.0.2
Check: LazyData
Result: NOTE
     'LazyData' is specified without a 'data' directory
Flavors: r-devel-linux-x86_64-debian-clang, r-devel-linux-x86_64-debian-gcc, r-devel-linux-x86_64-fedora-clang, r-devel-linux-x86_64-fedora-gcc, r-devel-windows-x86_64, r-patched-linux-x86_64, r-release-linux-x86_64, r-release-macos-arm64, r-release-macos-x86_64, r-release-windows-x86_64, r-oldrel-macos-arm64, r-oldrel-macos-x86_64, r-oldrel-windows-ix86+x86_64