Last updated on 2025-04-29 12:52:37 CEST.
Flavor | Version | Tinstall | Tcheck | Ttotal | Status | Flags |
---|---|---|---|---|---|---|
r-devel-linux-x86_64-debian-clang | 1.0 | 1.98 | 48.43 | 50.41 | NOTE | |
r-devel-linux-x86_64-debian-gcc | 1.0 | 1.58 | 37.97 | 39.55 | NOTE | |
r-devel-linux-x86_64-fedora-clang | 1.0 | 77.02 | OK | |||
r-devel-linux-x86_64-fedora-gcc | 1.0 | 77.80 | OK | |||
r-devel-windows-x86_64 | 1.0 | 5.00 | 93.00 | 98.00 | OK | |
r-patched-linux-x86_64 | 1.0 | 3.54 | 45.97 | 49.51 | OK | |
r-release-linux-x86_64 | 1.0 | 1.59 | 45.96 | 47.55 | OK | |
r-release-macos-arm64 | 1.0 | 37.00 | OK | |||
r-release-macos-x86_64 | 1.0 | 54.00 | OK | |||
r-release-windows-x86_64 | 1.0 | 4.00 | 122.00 | 126.00 | OK | |
r-oldrel-macos-arm64 | 1.0 | 33.00 | OK | |||
r-oldrel-macos-x86_64 | 1.0 | 46.00 | OK | |||
r-oldrel-windows-x86_64 | 1.0 | 4.00 | 85.00 | 89.00 | OK |
Version: 1.0
Check: CRAN incoming feasibility
Result: NOTE
Maintainer: ‘Prabhanjan Tattar <prabhanjannt@gmail.com>’
No Authors@R field in DESCRIPTION.
Please add one, modifying
Authors@R: person(given = "Prabhanjan",
family = "Tattar",
role = c("aut", "cre"),
email = "prabhanjannt@gmail.com")
as necessary.
Flavors: r-devel-linux-x86_64-debian-clang, r-devel-linux-x86_64-debian-gcc