CRAN Package Check Results for Package gpboost

Last updated on 2024-02-25 10:54:26 CET.

Flavor Version Tinstall Tcheck Ttotal Status Flags
r-devel-linux-x86_64-debian-clang 1.2.9 1162.18 116.01 1278.19 OK
r-devel-linux-x86_64-debian-gcc 1.2.9 874.63 143.41 1018.04 OK
r-devel-linux-x86_64-fedora-clang 1.2.9 1794.87 NOTE
r-devel-linux-x86_64-fedora-gcc 1.2.9 1881.58 OK
r-devel-windows-x86_64 1.2.8 752.00 235.00 987.00 NOTE
r-patched-linux-x86_64 1.2.9 1075.47 155.38 1230.85 OK
r-release-linux-x86_64 1.2.8 1168.02 149.82 1317.84 OK
r-release-macos-arm64 1.2.9 412.00 NOTE
r-release-macos-x86_64 1.2.9 671.00 NOTE
r-release-windows-x86_64 1.2.9 949.00 273.00 1222.00 NOTE
r-oldrel-macos-arm64 1.2.9 401.00 NOTE
r-oldrel-windows-x86_64 1.2.9 913.00 228.00 1141.00 NOTE

Additional issues

valgrind

Check Details

Version: 1.2.9
Check: installed package size
Result: NOTE installed size is 12.3Mb sub-directories of 1Mb or more: libs 11.4Mb Flavors: r-devel-linux-x86_64-fedora-clang, r-release-macos-arm64, r-release-macos-x86_64, r-release-windows-x86_64, r-oldrel-macos-arm64, r-oldrel-windows-x86_64

Version: 1.2.8
Check: installed package size
Result: NOTE installed size is 7.0Mb sub-directories of 1Mb or more: libs 6.1Mb Flavor: r-devel-windows-x86_64