Last updated on 2024-08-16 12:49:09 CEST.
Flavor | Version | Tinstall | Tcheck | Ttotal | Status | Flags |
---|---|---|---|---|---|---|
r-devel-linux-x86_64-debian-clang | 1.1.1 | 6.06 | 66.70 | 72.76 | NOTE | |
r-devel-linux-x86_64-debian-gcc | 1.1.1 | 4.22 | 46.37 | 50.59 | NOTE | |
r-devel-linux-x86_64-fedora-clang | 1.1.1 | 115.89 | NOTE | |||
r-devel-linux-x86_64-fedora-gcc | 1.1.1 | 110.22 | OK | |||
r-devel-windows-x86_64 | 1.1.1 | 9.00 | 88.00 | 97.00 | NOTE | |
r-patched-linux-x86_64 | 1.1.1 | 10.50 | 61.61 | 72.11 | OK | |
r-release-linux-x86_64 | 1.1.1 | 6.20 | 62.33 | 68.53 | OK | |
r-release-macos-arm64 | 1.1.1 | 33.00 | OK | |||
r-release-macos-x86_64 | 1.1.1 | 53.00 | OK | |||
r-release-windows-x86_64 | 1.1.1 | 10.00 | 89.00 | 99.00 | OK | |
r-oldrel-macos-arm64 | 1.1.1 | 37.00 | OK | |||
r-oldrel-macos-x86_64 | 1.1.1 | 69.00 | OK | |||
r-oldrel-windows-x86_64 | 1.1.1 | 13.00 | 102.00 | 115.00 | OK |
Version: 1.1.1
Check: Rd cross-references
Result: NOTE
Found the following Rd file(s) with Rd \link{} targets missing package
anchors:
cell-specification.Rd: cellranger
request_make.Rd: httr
sheets_id.Rd: googledrive
Please provide package anchors for all Rd \link{} targets not in the
package itself and the base packages.
Flavors: r-devel-linux-x86_64-debian-clang, r-devel-linux-x86_64-debian-gcc, r-devel-windows-x86_64
Version: 1.1.1
Check: Rd cross-references
Result: NOTE
Undeclared package ‘jsonlite’ in Rd xrefs
Flavor: r-devel-linux-x86_64-fedora-clang