CRAN Package Check Results for Package googler

Last updated on 2023-09-25 12:01:40 CEST.

Flavor Version Tinstall Tcheck Ttotal Status Flags
r-devel-linux-x86_64-debian-clang 0.0.1 2.22 23.38 25.60 NOTE
r-devel-linux-x86_64-debian-gcc 0.0.1 1.84 18.18 20.02 NOTE
r-devel-linux-x86_64-fedora-clang 0.0.1 32.40 NOTE
r-devel-linux-x86_64-fedora-gcc 0.0.1 31.44 NOTE
r-devel-windows-x86_64 0.0.1 3.00 44.00 47.00 NOTE
r-patched-linux-x86_64 0.0.1 2.07 22.69 24.76 NOTE
r-release-linux-x86_64 0.0.1 2.24 22.98 25.22 NOTE
r-release-macos-arm64 0.0.1 21.00 NOTE
r-release-macos-x86_64 0.0.1 25.00 NOTE
r-release-windows-x86_64 0.0.1 5.00 43.00 48.00 NOTE
r-oldrel-macos-arm64 0.0.1 18.00 NOTE
r-oldrel-macos-x86_64 0.0.1 22.00 NOTE
r-oldrel-windows-x86_64 0.0.1 5.00 47.00 52.00 NOTE

Check Details

Version: 0.0.1
Check: LazyData
Result: NOTE
     'LazyData' is specified without a 'data' directory
Flavors: r-devel-linux-x86_64-debian-clang, r-devel-linux-x86_64-debian-gcc, r-devel-linux-x86_64-fedora-clang, r-devel-linux-x86_64-fedora-gcc, r-devel-windows-x86_64, r-patched-linux-x86_64, r-release-linux-x86_64, r-release-macos-arm64, r-release-macos-x86_64, r-release-windows-x86_64, r-oldrel-macos-arm64, r-oldrel-macos-x86_64, r-oldrel-windows-x86_64