Last updated on 2025-10-11 12:49:32 CEST.
Flavor | Version | Tinstall | Tcheck | Ttotal | Status | Flags |
---|---|---|---|---|---|---|
r-devel-linux-x86_64-debian-clang | 0.2.0 | 4.19 | 39.55 | 43.74 | OK | |
r-devel-linux-x86_64-debian-gcc | 0.2.0 | 3.17 | 28.78 | 31.95 | OK | |
r-devel-linux-x86_64-fedora-clang | 0.2.0 | 62.48 | OK | |||
r-devel-linux-x86_64-fedora-gcc | 0.2.0 | 58.09 | OK | |||
r-devel-windows-x86_64 | 0.2.0 | 8.00 | 53.00 | 61.00 | OK | |
r-patched-linux-x86_64 | 0.2.0 | 4.64 | 34.87 | 39.51 | OK | |
r-release-linux-x86_64 | 0.2.0 | 4.31 | 35.04 | 39.35 | OK | |
r-release-macos-arm64 | 0.2.0 | 26.00 | OK | |||
r-release-macos-x86_64 | 0.2.0 | 37.00 | OK | |||
r-release-windows-x86_64 | 0.2.0 | 8.00 | 55.00 | 63.00 | OK | |
r-oldrel-macos-arm64 | 0.2.0 | 21.00 | NOTE | |||
r-oldrel-macos-x86_64 | 0.2.0 | 49.00 | NOTE | |||
r-oldrel-windows-x86_64 | 0.2.0 | 9.00 | 63.00 | 72.00 | NOTE |
Version: 0.2.0
Check: LazyData
Result: NOTE
'LazyData' is specified without a 'data' directory
Flavors: r-oldrel-macos-arm64, r-oldrel-macos-x86_64, r-oldrel-windows-x86_64