CRAN Package Check Results for Package googleLanguageR

Last updated on 2022-07-04 12:54:11 CEST.

Flavor Version Tinstall Tcheck Ttotal Status Flags
r-devel-linux-x86_64-debian-clang 0.3.0 6.55 57.01 63.56 NOTE
r-devel-linux-x86_64-debian-gcc 0.3.0 5.07 43.60 48.67 NOTE
r-devel-linux-x86_64-fedora-clang 0.3.0 85.47 NOTE
r-devel-linux-x86_64-fedora-gcc 0.3.0 82.51 NOTE
r-devel-windows-x86_64 0.3.0 69.00 96.00 165.00 NOTE
r-patched-linux-x86_64 0.3.0 9.87 54.00 63.87 NOTE
r-release-linux-x86_64 0.3.0 6.51 53.62 60.13 NOTE
r-release-macos-arm64 0.3.0 35.00 NOTE
r-release-macos-x86_64 0.3.0 47.00 NOTE
r-release-windows-x86_64 0.3.0 72.00 94.00 166.00 NOTE
r-oldrel-macos-arm64 0.3.0 31.00 NOTE
r-oldrel-macos-x86_64 0.3.0 64.00 NOTE
r-oldrel-windows-ix86+x86_64 0.3.0 15.00 82.00 97.00 NOTE

Check Details

Version: 0.3.0
Check: LazyData
Result: NOTE
     'LazyData' is specified without a 'data' directory
Flavors: r-devel-linux-x86_64-debian-clang, r-devel-linux-x86_64-debian-gcc, r-devel-linux-x86_64-fedora-clang, r-devel-linux-x86_64-fedora-gcc, r-devel-windows-x86_64, r-patched-linux-x86_64, r-release-linux-x86_64, r-release-macos-arm64, r-release-macos-x86_64, r-release-windows-x86_64, r-oldrel-macos-arm64, r-oldrel-macos-x86_64, r-oldrel-windows-ix86+x86_64