Last updated on 2022-06-28 12:52:25 CEST.
Flavor | Version | Tinstall | Tcheck | Ttotal | Status | Flags |
---|---|---|---|---|---|---|
r-devel-linux-x86_64-debian-clang | 0.5.0 | 7.40 | 74.93 | 82.33 | OK | |
r-devel-linux-x86_64-debian-gcc | 0.5.0 | 6.38 | 57.59 | 63.97 | OK | |
r-devel-linux-x86_64-fedora-clang | 0.5.0 | 112.35 | NOTE | |||
r-devel-linux-x86_64-fedora-gcc | 0.5.0 | 109.97 | OK | |||
r-devel-windows-x86_64 | 0.5.0 | 389.00 | 118.00 | 507.00 | OK | |
r-patched-linux-x86_64 | 0.5.0 | 9.01 | 73.55 | 82.56 | OK | |
r-release-linux-x86_64 | 0.5.0 | 7.78 | 71.91 | 79.69 | OK | |
r-release-macos-arm64 | 0.5.0 | 30.00 | OK | |||
r-release-macos-x86_64 | 0.5.0 | 57.00 | OK | |||
r-release-windows-x86_64 | 0.5.0 | 441.00 | 120.00 | 561.00 | OK | |
r-oldrel-macos-arm64 | 0.5.0 | 36.00 | OK | |||
r-oldrel-macos-x86_64 | 0.5.0 | 50.00 | OK | |||
r-oldrel-windows-ix86+x86_64 | 0.5.0 | 19.00 | 101.00 | 120.00 | OK |
Version: 0.5.0
Check: Rd cross-references
Result: NOTE
Undeclared packages ‘rcmdcheck’, ‘covr’, ‘devtools’, ‘pkgdown’ in Rd xrefs
Flavor: r-devel-linux-x86_64-fedora-clang