Last updated on 2024-03-28 09:51:44 CET.
Flavor | Version | Tinstall | Tcheck | Ttotal | Status | Flags |
---|---|---|---|---|---|---|
r-devel-linux-x86_64-debian-clang | 1.0.4 | 8.30 | 102.22 | 110.52 | NOTE | |
r-devel-linux-x86_64-debian-gcc | 1.0.4 | 6.24 | 79.71 | 85.95 | NOTE | |
r-devel-linux-x86_64-fedora-clang | 1.0.4 | 146.47 | NOTE | |||
r-devel-linux-x86_64-fedora-gcc | 1.0.4 | 178.42 | NOTE | |||
r-devel-windows-x86_64 | 1.0.4 | 9.00 | 109.00 | 118.00 | NOTE | |
r-patched-linux-x86_64 | 1.0.4 | 9.26 | 98.65 | 107.91 | NOTE | |
r-release-linux-x86_64 | 1.0.4 | 8.14 | 96.41 | 104.55 | OK | |
r-release-macos-arm64 | 1.0.4 | 65.00 | OK | |||
r-release-macos-x86_64 | 1.0.4 | 93.00 | OK | |||
r-release-windows-x86_64 | 1.0.4 | 12.00 | 124.00 | 136.00 | OK | |
r-oldrel-macos-arm64 | 1.0.4 | 65.00 | OK | |||
r-oldrel-windows-x86_64 | 1.0.4 | 13.00 | 138.00 | 151.00 | OK |
Version: 1.0.4
Check: Rd metadata
Result: NOTE
Rd files without \alias:
‘goodpractice-package.Rd’
Flavors: r-devel-linux-x86_64-debian-clang, r-devel-linux-x86_64-debian-gcc, r-devel-linux-x86_64-fedora-clang, r-devel-linux-x86_64-fedora-gcc, r-devel-windows-x86_64, r-patched-linux-x86_64