Last updated on 2025-04-29 12:52:37 CEST.
Flavor | Version | Tinstall | Tcheck | Ttotal | Status | Flags |
---|---|---|---|---|---|---|
r-devel-linux-x86_64-debian-clang | 1.0 | 1.76 | 18.54 | 20.30 | NOTE | |
r-devel-linux-x86_64-debian-gcc | 1.0 | 1.37 | 14.94 | 16.31 | NOTE | |
r-devel-linux-x86_64-fedora-clang | 1.0 | 31.20 | OK | |||
r-devel-linux-x86_64-fedora-gcc | 1.0 | 30.14 | OK | |||
r-devel-windows-x86_64 | 1.0 | 3.00 | 36.00 | 39.00 | OK | |
r-patched-linux-x86_64 | 1.0 | 1.90 | 18.11 | 20.01 | OK | |
r-release-linux-x86_64 | 1.0 | 1.27 | 17.83 | 19.10 | OK | |
r-release-macos-arm64 | 1.0 | 14.00 | OK | |||
r-release-macos-x86_64 | 1.0 | 23.00 | OK | |||
r-release-windows-x86_64 | 1.0 | 2.00 | 38.00 | 40.00 | OK | |
r-oldrel-macos-arm64 | 1.0 | 14.00 | OK | |||
r-oldrel-macos-x86_64 | 1.0 | 20.00 | OK | |||
r-oldrel-windows-x86_64 | 1.0 | 3.00 | 36.00 | 39.00 | OK |
Version: 1.0
Check: CRAN incoming feasibility
Result: NOTE
Maintainer: ‘Michael B. Sohn <msohn@mail.med.upenn.edu>’
No Authors@R field in DESCRIPTION.
Please add one, modifying
Authors@R: person(given = c("Michael", "B."),
family = "Sohn",
role = c("aut", "cre"),
email = "msohn@mail.med.upenn.edu")
as necessary.
Flavors: r-devel-linux-x86_64-debian-clang, r-devel-linux-x86_64-debian-gcc