Last updated on 2024-08-16 12:49:09 CEST.
Flavor | Version | Tinstall | Tcheck | Ttotal | Status | Flags |
---|---|---|---|---|---|---|
r-devel-linux-x86_64-debian-clang | 0.4.1 | 6.06 | 79.59 | 85.65 | NOTE | |
r-devel-linux-x86_64-debian-gcc | 0.4.1 | 3.98 | 58.58 | 62.56 | NOTE | |
r-devel-linux-x86_64-fedora-clang | 0.4.1 | 136.43 | NOTE | |||
r-devel-linux-x86_64-fedora-gcc | 0.4.1 | 144.43 | NOTE | |||
r-devel-windows-x86_64 | 0.4.1 | 8.00 | 112.00 | 120.00 | NOTE | |
r-patched-linux-x86_64 | 0.4.1 | 6.35 | 75.07 | 81.42 | NOTE | |
r-release-linux-x86_64 | 0.4.1 | 5.64 | 76.16 | 81.80 | NOTE | |
r-release-macos-arm64 | 0.4.1 | 57.00 | NOTE | |||
r-release-macos-x86_64 | 0.4.1 | 79.00 | NOTE | |||
r-release-windows-x86_64 | 0.4.1 | 9.00 | 113.00 | 122.00 | NOTE | |
r-oldrel-macos-arm64 | 0.4.1 | 56.00 | OK | |||
r-oldrel-macos-x86_64 | 0.4.1 | 100.00 | OK | |||
r-oldrel-windows-x86_64 | 0.4.1 | 10.00 | 124.00 | 134.00 | OK |
Version: 0.4.1
Check: Rd files
Result: NOTE
checkRd: (-1) create_golem.Rd:30: Lost braces; missing escapes or markup?
30 | \item{package_name}{Package name to use. By default, {golem} uses
| ^
checkRd: (-1) fill_desc.Rd:42: Lost braces; missing escapes or markup?
42 | The {desc} object, invisibly.
| ^
checkRd: (-1) get_sysreqs.Rd:23: Lost braces; missing escapes or markup?
23 | {dockerfiler}.
| ^
checkRd: (-1) golem_opts.Rd:80: Lost braces; missing escapes or markup?
80 | \item{config_file}{path to the {golem} config file}
| ^
checkRd: (-1) install_dev_deps.Rd:5: Lost braces; missing escapes or markup?
5 | \title{Install {golem} dev dependencies}
| ^
checkRd: (-1) project_hook.Rd:13: Lost braces; missing escapes or markup?
13 | \item{package_name}{Package name to use. By default, {golem} uses
| ^
Flavors: r-devel-linux-x86_64-debian-clang, r-devel-linux-x86_64-debian-gcc, r-devel-linux-x86_64-fedora-clang, r-devel-linux-x86_64-fedora-gcc, r-devel-windows-x86_64, r-patched-linux-x86_64, r-release-linux-x86_64, r-release-macos-arm64, r-release-macos-x86_64, r-release-windows-x86_64