Last updated on 2022-06-30 11:53:09 CEST.
Flavor | Version | Tinstall | Tcheck | Ttotal | Status | Flags |
---|---|---|---|---|---|---|
r-devel-linux-x86_64-debian-clang | 0.1.0 | 38.67 | 128.57 | 167.24 | OK | |
r-devel-linux-x86_64-debian-gcc | 0.1.0 | 28.78 | 99.31 | 128.09 | OK | |
r-devel-linux-x86_64-fedora-clang | 0.1.0 | 222.77 | NOTE | |||
r-devel-linux-x86_64-fedora-gcc | 0.1.0 | 232.91 | NOTE | |||
r-devel-windows-x86_64 | 0.1.0 | 38.00 | 173.00 | 211.00 | OK | |
r-patched-linux-x86_64 | 0.1.0 | 34.35 | 129.08 | 163.43 | OK | |
r-release-linux-x86_64 | 0.1.0 | 32.77 | 127.12 | 159.89 | OK | |
r-release-macos-arm64 | 0.1.0 | 59.00 | NOTE | |||
r-release-macos-x86_64 | 0.1.0 | 114.00 | NOTE | |||
r-release-windows-x86_64 | 0.1.0 | 43.00 | 177.00 | 220.00 | OK | |
r-oldrel-macos-arm64 | 0.1.0 | 74.00 | NOTE | |||
r-oldrel-macos-x86_64 | 0.1.0 | 90.00 | NOTE | |||
r-oldrel-windows-ix86+x86_64 | 0.1.0 | 96.00 | 235.00 | 331.00 | OK |
Version: 0.1.0
Check: data for non-ASCII characters
Result: NOTE
Note: found 1352 marked UTF-8 strings
Flavors: r-devel-linux-x86_64-fedora-clang, r-devel-linux-x86_64-fedora-gcc, r-release-macos-arm64, r-release-macos-x86_64, r-oldrel-macos-arm64, r-oldrel-macos-x86_64