Last updated on 2023-09-28 11:55:33 CEST.
Flavor | Version | Tinstall | Tcheck | Ttotal | Status | Flags |
---|---|---|---|---|---|---|
r-devel-linux-x86_64-debian-clang | 0.1 | 65.41 | 99.29 | 164.70 | OK | |
r-devel-linux-x86_64-debian-gcc | 0.1 | 46.69 | 74.57 | 121.26 | OK | |
r-devel-linux-x86_64-fedora-clang | 0.1 | 209.73 | NOTE | |||
r-devel-linux-x86_64-fedora-gcc | 0.1 | 219.18 | NOTE | |||
r-devel-windows-x86_64 | 0.1 | 50.00 | 111.00 | 161.00 | OK | |
r-patched-linux-x86_64 | 0.1 | 42.82 | 95.92 | 138.74 | OK | |
r-release-linux-x86_64 | 0.1 | 51.59 | 95.13 | 146.72 | OK | |
r-release-macos-arm64 | 0.1 | 60.00 | NOTE | |||
r-release-macos-x86_64 | 0.1 | 96.00 | NOTE | |||
r-release-windows-x86_64 | 0.1 | 67.00 | 126.00 | 193.00 | OK | |
r-oldrel-macos-arm64 | 0.1 | 58.00 | NOTE | |||
r-oldrel-macos-x86_64 | 0.1 | 122.00 | NOTE | |||
r-oldrel-windows-x86_64 | 0.1 | 60.00 | 126.00 | 186.00 | OK |
Version: 0.1
Check: dependencies in R code
Result: NOTE
Namespace in Imports field not imported from: ‘Rcpp’
All declared Imports should be used.
Flavors: r-devel-linux-x86_64-fedora-clang, r-devel-linux-x86_64-fedora-gcc, r-oldrel-macos-arm64, r-oldrel-macos-x86_64
Version: 0.1
Check: installed package size
Result: NOTE
installed size is 5.8Mb
sub-directories of 1Mb or more:
libs 5.5Mb
Flavors: r-release-macos-arm64, r-release-macos-x86_64, r-oldrel-macos-arm64, r-oldrel-macos-x86_64