CRAN Package Check Results for Package goeveg

Last updated on 2022-07-05 11:49:54 CEST.

Flavor Version Tinstall Tcheck Ttotal Status Flags
r-devel-linux-x86_64-debian-clang 0.5.1 14.33 125.92 140.25 OK
r-devel-linux-x86_64-debian-gcc 0.5.1 11.61 90.77 102.38 OK
r-devel-linux-x86_64-fedora-clang 0.5.1 176.75 NOTE
r-devel-linux-x86_64-fedora-gcc 0.5.1 177.76 NOTE
r-devel-windows-x86_64 0.5.1 22.00 138.00 160.00 OK
r-patched-linux-x86_64 0.5.1 9.03 116.99 126.02 OK
r-release-linux-x86_64 0.5.1 9.41 117.05 126.46 OK
r-release-macos-arm64 0.5.1 43.00 NOTE
r-release-macos-x86_64 0.5.1 77.00 NOTE
r-release-windows-x86_64 0.5.1 19.00 139.00 158.00 OK
r-oldrel-macos-arm64 0.5.1 55.00 NOTE
r-oldrel-macos-x86_64 0.5.1 85.00 NOTE
r-oldrel-windows-ix86+x86_64 0.5.1 32.00 136.00 168.00 OK

Check Details

Version: 0.5.1
Check: dependencies in R code
Result: NOTE
    Namespace in Imports field not imported from: ‘Hmisc’
     All declared Imports should be used.
Flavors: r-devel-linux-x86_64-fedora-clang, r-devel-linux-x86_64-fedora-gcc, r-release-macos-arm64, r-release-macos-x86_64, r-oldrel-macos-arm64, r-oldrel-macos-x86_64