Last updated on 2025-05-07 11:55:30 CEST.
Flavor | Version | Tinstall | Tcheck | Ttotal | Status | Flags |
---|---|---|---|---|---|---|
r-devel-linux-x86_64-debian-clang | 1.1.1 | 12.42 | 48.98 | 61.40 | NOTE | |
r-devel-linux-x86_64-debian-gcc | 1.1.1 | 7.73 | 32.62 | 40.35 | NOTE | |
r-devel-linux-x86_64-fedora-clang | 1.1.2 | 105.37 | OK | |||
r-devel-linux-x86_64-fedora-gcc | 1.1.2 | 98.79 | OK | |||
r-devel-windows-x86_64 | 1.1.1 | 12.00 | 61.00 | 73.00 | NOTE | |
r-patched-linux-x86_64 | 1.1.1 | 11.08 | 41.77 | 52.85 | NOTE | |
r-release-linux-x86_64 | 1.1.1 | 11.27 | 46.09 | 57.36 | NOTE | |
r-release-macos-arm64 | 1.1.2 | 40.00 | OK | |||
r-release-macos-x86_64 | 1.1.2 | 66.00 | OK | |||
r-release-windows-x86_64 | 1.1.2 | 15.00 | 78.00 | 93.00 | OK | |
r-oldrel-macos-arm64 | 1.1.2 | 38.00 | OK | |||
r-oldrel-macos-x86_64 | 1.1.2 | 70.00 | OK | |||
r-oldrel-windows-x86_64 | 1.1.1 | 13.00 | 61.00 | 74.00 | NOTE |
Version: 1.1.1
Check: package subdirectories
Result: NOTE
Problems with news in ‘NEWS.md’:
No news entries found.
Flavors: r-devel-linux-x86_64-debian-clang, r-devel-linux-x86_64-debian-gcc, r-devel-windows-x86_64, r-patched-linux-x86_64, r-release-linux-x86_64, r-oldrel-windows-x86_64
Version: 1.1.1
Check: LazyData
Result: NOTE
'LazyData' is specified without a 'data' directory
Flavor: r-oldrel-windows-x86_64