Last updated on 2024-04-19 11:56:47 CEST.
Flavor | Version | Tinstall | Tcheck | Ttotal | Status | Flags |
---|---|---|---|---|---|---|
r-devel-linux-x86_64-debian-clang | 1.1.1 | 13.77 | 66.45 | 80.22 | NOTE | |
r-devel-linux-x86_64-debian-gcc | 1.1.1 | NOTE | ||||
r-devel-linux-x86_64-fedora-clang | 1.1.1 | 95.93 | NOTE | |||
r-devel-linux-x86_64-fedora-gcc | 1.1.1 | 93.52 | NOTE | |||
r-prerel-macos-arm64 | 1.1.1 | 26.00 | NOTE | |||
r-prerel-windows-x86_64 | 1.1.1 | 12.00 | 60.00 | 72.00 | NOTE | |
r-patched-linux-x86_64 | 1.1.1 | 13.18 | 60.41 | 73.59 | NOTE | |
r-release-linux-x86_64 | 1.1.1 | 12.36 | 61.43 | 73.79 | NOTE | |
r-release-macos-arm64 | 1.1.1 | 29.00 | NOTE | |||
r-release-macos-x86_64 | 1.1.1 | 49.00 | NOTE | |||
r-release-windows-x86_64 | 1.1.1 | 14.00 | 77.00 | 91.00 | NOTE | |
r-oldrel-macos-arm64 | 1.1.1 | 26.00 | NOTE | |||
r-oldrel-windows-x86_64 | 1.1.1 | 22.00 | 74.00 | 96.00 | NOTE |
Version: 1.1.1
Check: package subdirectories
Result: NOTE
Problems with news in ‘NEWS.md’:
No news entries found.
Flavors: r-devel-linux-x86_64-debian-clang, r-devel-linux-x86_64-debian-gcc, r-devel-linux-x86_64-fedora-clang, r-devel-linux-x86_64-fedora-gcc, r-prerel-macos-arm64, r-prerel-windows-x86_64, r-patched-linux-x86_64, r-release-linux-x86_64, r-release-macos-arm64, r-release-macos-x86_64, r-release-windows-x86_64
Version: 1.1.1
Check: LazyData
Result: NOTE
'LazyData' is specified without a 'data' directory
Flavors: r-devel-linux-x86_64-debian-clang, r-devel-linux-x86_64-debian-gcc, r-devel-linux-x86_64-fedora-clang, r-devel-linux-x86_64-fedora-gcc, r-prerel-macos-arm64, r-prerel-windows-x86_64, r-patched-linux-x86_64, r-release-linux-x86_64, r-release-macos-arm64, r-release-macos-x86_64, r-release-windows-x86_64, r-oldrel-macos-arm64, r-oldrel-windows-x86_64
Version: 1.1.1
Check: Rd cross-references
Result: NOTE
Undeclared package ‘repeated’ in Rd xrefs
Flavor: r-devel-linux-x86_64-fedora-clang
Version: 1.1.1
Check: Rd cross-references
Result: NOTE
Package unavailable to check Rd xrefs: ‘repeated’
Flavor: r-release-macos-x86_64