Last updated on 2023-02-06 11:04:38 CET.
Flavor | Version | Tinstall | Tcheck | Ttotal | Status | Flags |
---|---|---|---|---|---|---|
r-devel-linux-x86_64-debian-clang | 1.0.2 | 52.02 | 120.99 | 173.01 | NOTE | |
r-devel-linux-x86_64-debian-gcc | 1.0.2 | 37.12 | 91.23 | 128.35 | NOTE | |
r-devel-linux-x86_64-fedora-clang | 1.0.2 | 237.99 | NOTE | |||
r-devel-linux-x86_64-fedora-gcc | 1.0.2 | 227.67 | NOTE | |||
r-devel-windows-x86_64 | 1.0.2 | 59.00 | 196.00 | 255.00 | NOTE | |
r-patched-linux-x86_64 | 1.0.2 | 42.12 | 120.04 | 162.16 | OK | |
r-release-linux-x86_64 | 1.0.2 | 33.87 | 108.87 | 142.74 | OK | |
r-release-macos-arm64 | 1.0.2 | 67.00 | OK | |||
r-release-macos-x86_64 | 1.0.2 | 92.00 | OK | |||
r-release-windows-x86_64 | 1.0.2 | 66.00 | 190.00 | 256.00 | OK | |
r-oldrel-macos-arm64 | 1.0.2 | 64.00 | OK | |||
r-oldrel-macos-x86_64 | 1.0.2 | 98.00 | OK | |||
r-oldrel-windows-ix86+x86_64 | 1.0.2 | 123.00 | 206.00 | 329.00 | OK |
Version: 1.0.2
Check: C++ specification
Result: NOTE
Specified C++11: please update to current default of C++17
Flavors: r-devel-linux-x86_64-debian-clang, r-devel-linux-x86_64-debian-gcc, r-devel-linux-x86_64-fedora-clang, r-devel-linux-x86_64-fedora-gcc, r-devel-windows-x86_64