Last updated on 2025-10-21 11:53:25 CEST.
Flavor | Version | Tinstall | Tcheck | Ttotal | Status | Flags |
---|---|---|---|---|---|---|
r-devel-linux-x86_64-debian-clang | 2.2.1 | 13.58 | 355.59 | 369.17 | NOTE | |
r-devel-linux-x86_64-debian-gcc | 2.2.1 | 8.60 | 208.30 | 216.90 | NOTE | |
r-devel-linux-x86_64-fedora-clang | 2.2.1 | 586.40 | OK | |||
r-devel-linux-x86_64-fedora-gcc | 2.2.1 | 25.00 | 528.53 | 553.53 | OK | |
r-devel-windows-x86_64 | 2.2.1 | 15.00 | 361.00 | 376.00 | OK | |
r-patched-linux-x86_64 | 2.2.1 | 20.17 | 333.30 | 353.47 | OK | |
r-release-linux-x86_64 | 2.2.1 | 13.09 | 334.37 | 347.46 | OK | |
r-release-macos-arm64 | 2.2.1 | 145.00 | OK | |||
r-release-macos-x86_64 | 2.2.1 | 10.00 | 332.00 | 342.00 | OK | |
r-release-windows-x86_64 | 2.2.1 | 18.00 | 371.00 | 389.00 | OK | |
r-oldrel-macos-arm64 | 2.2.1 | 147.00 | OK | |||
r-oldrel-macos-x86_64 | 2.2.1 | 328.00 | OK | |||
r-oldrel-windows-x86_64 | 2.2.1 | 20.00 | 512.00 | 532.00 | OK |
Version: 2.2.1
Check: HTML version of manual
Result: NOTE
Found the following HTML validation problems:
print.hypotest.html:56:1 (print.hypotest.Rd:14): Warning: missing </ul> before </div>
Flavors: r-devel-linux-x86_64-debian-clang, r-devel-linux-x86_64-debian-gcc