CRAN Package Check Results for Package gms

Last updated on 2022-06-25 10:53:04 CEST.

Flavor Version Tinstall Tcheck Ttotal Status Flags
r-devel-linux-x86_64-debian-clang 0.4.0 7.16 75.64 82.80 NOTE
r-devel-linux-x86_64-debian-gcc 0.4.0 5.68 54.28 59.96 NOTE
r-devel-linux-x86_64-fedora-clang 0.4.0 104.47 NOTE
r-devel-linux-x86_64-fedora-gcc 0.4.0 103.53 NOTE
r-devel-windows-x86_64 0.4.0 42.00 100.00 142.00 NOTE
r-patched-linux-x86_64 0.4.0 8.22 67.75 75.97 OK
r-release-linux-x86_64 0.4.0 5.91 68.70 74.61 OK
r-release-macos-arm64 0.4.0 30.00 OK
r-release-macos-x86_64 0.4.0 48.00 OK
r-release-windows-x86_64 0.4.0 39.00 96.00 135.00 OK
r-oldrel-macos-arm64 0.4.0 37.00 OK
r-oldrel-macos-x86_64 0.4.0 49.00 OK
r-oldrel-windows-ix86+x86_64 0.4.0 18.00 94.00 112.00 OK

Check Details

Version: 0.4.0
Check: Rd files
Result: NOTE
    checkRd: (-1) replace_in_file.Rd:40: Escaped LaTeX specials: \#
Flavors: r-devel-linux-x86_64-debian-clang, r-devel-linux-x86_64-debian-gcc, r-devel-linux-x86_64-fedora-clang, r-devel-linux-x86_64-fedora-gcc, r-devel-windows-x86_64