Last updated on 2025-07-12 11:48:26 CEST.
Flavor | Version | Tinstall | Tcheck | Ttotal | Status | Flags |
---|---|---|---|---|---|---|
r-devel-linux-x86_64-debian-clang | 2.19.1 | 2.98 | 29.98 | 32.96 | OK | |
r-devel-linux-x86_64-debian-gcc | 2.19.1 | 2.29 | 23.51 | 25.80 | WARN | |
r-devel-linux-x86_64-fedora-clang | 2.19.1 | 47.22 | OK | |||
r-devel-linux-x86_64-fedora-gcc | 2.19.1 | 43.93 | OK | |||
r-devel-windows-x86_64 | 2.19.1 | 5.00 | 49.00 | 54.00 | OK | |
r-patched-linux-x86_64 | 2.19.1 | 3.28 | 27.02 | 30.30 | OK | |
r-release-linux-x86_64 | 2.19.1 | 2.73 | 27.22 | 29.95 | OK | |
r-release-macos-arm64 | 2.19.1 | 18.00 | OK | |||
r-release-macos-x86_64 | 2.19.1 | 30.00 | OK | |||
r-release-windows-x86_64 | 2.19.1 | 5.00 | 51.00 | 56.00 | OK | |
r-oldrel-macos-arm64 | 2.19.1 | 20.00 | OK | |||
r-oldrel-macos-x86_64 | 2.19.1 | 30.00 | OK | |||
r-oldrel-windows-x86_64 | 2.19.1 | 5.00 | 55.00 | 60.00 | OK |
Version: 2.19.1
Check: replacement functions
Result: WARN
‘ci.:.binom’ ‘ci.:.estimable’ ‘ci.:.fit_contrast’ ‘ci.:.lm’
‘ci.:.lme’ ‘ci.:.numeric’ ‘est_p_ci.:.fit_contrast’ ‘est_p_ci.:.lm’
‘estimable.:.default’ ‘estimable.:.mlm’ ‘fit.contrast.:.lm’
‘fit.contrast.:.lme’ ‘ci.:.binom’ ‘ci.:.estimable’
‘ci.:.fit_contrast’ ‘ci.:.lm’ ‘ci.:.lme’ ‘ci.:.numeric’
‘est_p_ci.:.fit_contrast’ ‘est_p_ci.:.lm’ ‘estimable.:.default’
‘estimable.:.mlm’ ‘fit.contrast.:.lm’ ‘fit.contrast.:.lme’
The argument of a replacement function which corresponds to the right
hand side must be named ‘value’.
Flavor: r-devel-linux-x86_64-debian-gcc