Last updated on 2024-03-29 09:55:24 CET.
Flavor | Version | Tinstall | Tcheck | Ttotal | Status | Flags |
---|---|---|---|---|---|---|
r-devel-linux-x86_64-debian-clang | 1.0.1 | 2.78 | 51.61 | 54.39 | NOTE | |
r-devel-linux-x86_64-debian-gcc | 1.0.1 | 1.82 | 37.99 | 39.81 | NOTE | |
r-devel-linux-x86_64-fedora-clang | 1.0.1 | 73.06 | NOTE | |||
r-devel-linux-x86_64-fedora-gcc | 1.0.1 | 77.49 | NOTE | |||
r-devel-windows-x86_64 | 1.0.1 | 3.00 | 68.00 | 71.00 | NOTE | |
r-patched-linux-x86_64 | 1.0.1 | 1.88 | 50.45 | 52.33 | NOTE | |
r-release-linux-x86_64 | 1.0.1 | 2.34 | 50.64 | 52.98 | NOTE | |
r-release-macos-arm64 | 1.0.1 | 29.00 | NOTE | |||
r-release-macos-x86_64 | 1.0.1 | 46.00 | NOTE | |||
r-release-windows-x86_64 | 1.0.1 | 3.00 | 66.00 | 69.00 | NOTE | |
r-oldrel-macos-arm64 | 1.0.1 | 27.00 | NOTE | |||
r-oldrel-windows-x86_64 | 1.0.1 | 5.00 | 69.00 | 74.00 | NOTE |
Version: 1.0.1
Check: LazyData
Result: NOTE
'LazyData' is specified without a 'data' directory
Flavors: r-devel-linux-x86_64-debian-clang, r-devel-linux-x86_64-debian-gcc, r-devel-linux-x86_64-fedora-clang, r-devel-linux-x86_64-fedora-gcc, r-devel-windows-x86_64, r-patched-linux-x86_64, r-release-linux-x86_64, r-release-macos-arm64, r-release-macos-x86_64, r-release-windows-x86_64, r-oldrel-macos-arm64, r-oldrel-windows-x86_64