CRAN Package Check Results for Package gmfd

Last updated on 2024-04-20 11:50:14 CEST.

Flavor Version Tinstall Tcheck Ttotal Status Flags
r-devel-linux-x86_64-debian-clang 1.0.1 2.29 56.15 58.44 NOTE
r-devel-linux-x86_64-debian-gcc 1.0.1 1.71 37.87 39.58 NOTE
r-devel-linux-x86_64-fedora-clang 1.0.1 66.79 NOTE
r-devel-linux-x86_64-fedora-gcc 1.0.1 84.78 NOTE
r-prerel-macos-arm64 1.0.1 28.00 NOTE
r-prerel-windows-x86_64 1.0.1 4.00 67.00 71.00 NOTE
r-patched-linux-x86_64 1.0.1 2.30 51.35 53.65 NOTE
r-release-linux-x86_64 1.0.1 2.74 50.66 53.40 NOTE
r-release-macos-arm64 1.0.1 29.00 NOTE
r-release-macos-x86_64 1.0.1 46.00 NOTE
r-release-windows-x86_64 1.0.1 3.00 67.00 70.00 NOTE
r-oldrel-macos-arm64 1.0.1 27.00 NOTE
r-oldrel-windows-x86_64 1.0.1 5.00 75.00 80.00 NOTE

Check Details

Version: 1.0.1
Check: LazyData
Result: NOTE 'LazyData' is specified without a 'data' directory Flavors: r-devel-linux-x86_64-debian-clang, r-devel-linux-x86_64-debian-gcc, r-devel-linux-x86_64-fedora-clang, r-devel-linux-x86_64-fedora-gcc, r-prerel-macos-arm64, r-prerel-windows-x86_64, r-patched-linux-x86_64, r-release-linux-x86_64, r-release-macos-arm64, r-release-macos-x86_64, r-release-windows-x86_64, r-oldrel-macos-arm64, r-oldrel-windows-x86_64