Last updated on 2024-04-24 11:20:51 CEST.
Flavor | Version | Tinstall | Tcheck | Ttotal | Status | Flags |
---|---|---|---|---|---|---|
r-devel-linux-x86_64-debian-clang | 0.4.0 | 9.05 | 81.04 | 90.09 | OK | |
r-devel-linux-x86_64-debian-gcc | 0.4.0 | 5.69 | 61.53 | 67.22 | OK | |
r-devel-linux-x86_64-fedora-clang | 0.4.0 | 112.31 | OK | |||
r-devel-linux-x86_64-fedora-gcc | 0.4.0 | 126.83 | OK | |||
r-devel-windows-x86_64 | 0.4.0 | 9.00 | 86.00 | 95.00 | OK | |
r-patched-linux-x86_64 | 0.4.0 | 6.50 | 77.85 | 84.35 | OK | |
r-release-linux-x86_64 | 0.4.0 | 4.47 | 77.57 | 82.04 | OK | |
r-release-macos-arm64 | 0.4.0 | 40.00 | OK | |||
r-release-windows-x86_64 | 0.4.0 | 9.00 | 82.00 | 91.00 | OK | |
r-oldrel-macos-arm64 | 0.4.0 | 44.00 | NOTE | |||
r-oldrel-macos-x86_64 | 0.4.0 | 61.00 | OK | |||
r-oldrel-windows-x86_64 | 0.4.0 | 9.00 | 95.00 | 104.00 | OK |
Version: 0.4.0
Check: package dependencies
Result: NOTE
Package suggested but not available for checking: ‘preprocessCore’
Flavor: r-oldrel-macos-arm64