CRAN Package Check Results for Package glycanr

Last updated on 2023-09-28 11:55:33 CEST.

Flavor Version Tinstall Tcheck Ttotal Status Flags
r-devel-linux-x86_64-debian-clang 0.4.0 6.85 81.26 88.11 OK
r-devel-linux-x86_64-debian-gcc 0.4.0 5.52 59.99 65.51 OK
r-devel-linux-x86_64-fedora-clang 0.4.0 111.57 OK
r-devel-linux-x86_64-fedora-gcc 0.4.0 120.83 OK
r-devel-windows-x86_64 0.4.0 8.00 85.00 93.00 OK
r-patched-linux-x86_64 0.4.0 4.47 77.37 81.84 OK
r-release-linux-x86_64 0.4.0 5.03 76.87 81.90 OK
r-release-macos-arm64 0.4.0 40.00 OK
r-release-macos-x86_64 0.4.0 61.00 OK
r-release-windows-x86_64 0.4.0 10.00 93.00 103.00 OK
r-oldrel-macos-arm64 0.4.0 44.00 NOTE
r-oldrel-macos-x86_64 0.4.0 70.00 OK
r-oldrel-windows-x86_64 0.4.0 10.00 96.00 106.00 OK

Check Details

Version: 0.4.0
Check: package dependencies
Result: NOTE
    Package suggested but not available for checking: ‘preprocessCore’
Flavor: r-oldrel-macos-arm64