Last updated on 2024-04-23 10:54:04 CEST.
Flavor | Version | Tinstall | Tcheck | Ttotal | Status | Flags |
---|---|---|---|---|---|---|
r-devel-linux-x86_64-debian-clang | 1.7.0 | 3.40 | 47.85 | 51.25 | OK | |
r-devel-linux-x86_64-debian-gcc | 1.7.0 | 2.11 | 36.19 | 38.30 | OK | |
r-devel-linux-x86_64-fedora-clang | 1.7.0 | 67.53 | OK | |||
r-devel-linux-x86_64-fedora-gcc | 1.7.0 | 80.59 | OK | |||
r-prerel-macos-arm64 | 1.7.0 | 42.00 | OK | |||
r-prerel-macos-x86_64 | 1.7.0 | 39.00 | ERROR | |||
r-prerel-windows-x86_64 | 1.7.0 | 9.00 | 62.00 | 71.00 | OK | |
r-patched-linux-x86_64 | 1.7.0 | 3.90 | 45.83 | 49.73 | OK | |
r-release-linux-x86_64 | 1.7.0 | 2.61 | 43.77 | 46.38 | OK | |
r-release-macos-arm64 | 1.7.0 | 57.00 | OK | |||
r-release-macos-x86_64 | 1.7.0 | 145.00 | OK | |||
r-release-windows-x86_64 | 1.7.0 | 8.00 | 65.00 | 73.00 | OK | |
r-oldrel-macos-arm64 | 1.7.0 | 59.00 | OK | |||
r-oldrel-windows-x86_64 | 1.7.0 | 9.00 | 70.00 | 79.00 | OK |
Version: 1.7.0
Check: package dependencies
Result: WARN
Skipping vignette re-building
Packages suggested but not available for checking:
'crayon', 'DBI', 'dplyr', 'knitr', 'magrittr', 'rlang', 'rmarkdown',
'RSQLite', 'testthat', 'vctrs', 'waldo', 'withr'
VignetteBuilder package required for checking but not installed: ‘knitr’
Flavor: r-prerel-macos-x86_64
Version: 1.7.0
Check: Rd cross-references
Result: NOTE
Packages unavailable to check Rd xrefs: ‘crayon’, ‘DBI’
Flavor: r-prerel-macos-x86_64
Version: 1.7.0
Check: tests
Result: ERROR
Running ‘testthat.R’ [0s/0s]
Running the tests in ‘tests/testthat.R’ failed.
Complete output:
> library(testthat)
Error in library(testthat) : there is no package called 'testthat'
Execution halted
Flavor: r-prerel-macos-x86_64
Version: 1.7.0
Check: package vignettes
Result: NOTE
Package has ‘vignettes’ subdirectory but apparently no vignettes.
Perhaps the ‘VignetteBuilder’ information is missing from the
DESCRIPTION file?
Flavor: r-prerel-macos-x86_64