Last updated on 2022-05-22 12:55:28 CEST.
Flavor | Version | Tinstall | Tcheck | Ttotal | Status | Flags |
---|---|---|---|---|---|---|
r-devel-linux-x86_64-debian-clang | 1.6.2 | 2.78 | 52.28 | 55.06 | OK | |
r-devel-linux-x86_64-debian-gcc | 1.6.2 | 2.07 | 39.71 | 41.78 | OK | |
r-devel-linux-x86_64-fedora-clang | 1.6.2 | 66.32 | OK | |||
r-devel-linux-x86_64-fedora-gcc | 1.6.2 | 64.31 | OK | |||
r-devel-windows-x86_64 | 1.6.2 | 10.00 | 7.00 | 17.00 | ERROR | |
r-patched-linux-x86_64 | 1.6.2 | 2.71 | 50.08 | 52.79 | OK | |
r-release-linux-x86_64 | 1.6.2 | 2.92 | 49.60 | 52.52 | OK | |
r-release-macos-arm64 | 1.6.2 | 23.00 | OK | |||
r-release-macos-x86_64 | 1.6.2 | 33.00 | OK | |||
r-release-windows-x86_64 | 1.6.2 | 23.00 | 80.00 | 103.00 | OK | |
r-oldrel-macos-arm64 | 1.6.2 | 51.00 | OK | |||
r-oldrel-macos-x86_64 | 1.6.2 | 77.00 | OK | |||
r-oldrel-windows-ix86+x86_64 | 1.6.2 | 29.00 | 82.00 | 111.00 | OK |
Version: 1.6.2
Check: whether package can be installed
Result: ERROR
Installation failed.
Flavor: r-devel-windows-x86_64