CRAN Package Check Results for Package glow

Last updated on 2025-04-16 12:49:33 CEST.

Flavor Version Tinstall Tcheck Ttotal Status Flags
r-devel-linux-x86_64-debian-clang 0.13.0 27.47 55.96 83.43 OK
r-devel-linux-x86_64-debian-gcc 0.13.0 20.39 43.34 63.73 OK
r-devel-linux-x86_64-fedora-clang 0.13.0 142.84 OK
r-devel-linux-x86_64-fedora-gcc 0.13.0 159.20 OK
r-devel-windows-x86_64 0.13.0 32.00 100.00 132.00 OK
r-patched-linux-x86_64 0.13.0 28.98 57.72 86.70 OK
r-release-linux-x86_64 0.13.0 27.76 56.42 84.18 OK
r-release-macos-arm64 0.13.0 64.00 OK
r-release-macos-x86_64 0.13.0 115.00 OK
r-release-windows-x86_64 0.13.0 32.00 102.00 134.00 OK
r-oldrel-macos-arm64 0.13.0 37.00 NOTE
r-oldrel-macos-x86_64 0.13.0 72.00 NOTE
r-oldrel-windows-x86_64 0.13.0 37.00 114.00 151.00 OK

Check Details

Version: 0.13.0
Check: installed package size
Result: NOTE installed size is 11.5Mb sub-directories of 1Mb or more: doc 1.3Mb libs 9.9Mb Flavors: r-oldrel-macos-arm64, r-oldrel-macos-x86_64