CRAN Package Check Results for Package glossr

Last updated on 2023-02-05 11:10:36 CET.

Flavor Version Tinstall Tcheck Ttotal Status Flags
r-devel-linux-x86_64-debian-clang 0.6.1 8.91 92.37 101.28 OK
r-devel-linux-x86_64-debian-gcc 0.6.1 6.47 67.77 74.24 OK
r-devel-linux-x86_64-fedora-clang 0.6.1 125.56 NOTE
r-devel-linux-x86_64-fedora-gcc 0.6.1 129.03 NOTE
r-devel-windows-x86_64 0.6.1 25.00 133.00 158.00 OK
r-patched-linux-x86_64 0.6.1 6.97 89.51 96.48 OK
r-release-linux-x86_64 0.6.1 6.39 90.25 96.64 OK
r-release-macos-arm64 0.6.1 38.00 NOTE
r-release-macos-x86_64 0.6.1 52.00 NOTE
r-release-windows-x86_64 0.6.1 32.00 138.00 170.00 OK
r-oldrel-macos-arm64 0.6.1 40.00 NOTE
r-oldrel-macos-x86_64 0.6.1 56.00 NOTE
r-oldrel-windows-ix86+x86_64 0.6.1 21.00 135.00 156.00 OK

Check Details

Version: 0.6.1
Check: data for non-ASCII characters
Result: NOTE
     Note: found 2 marked UTF-8 strings
Flavors: r-devel-linux-x86_64-fedora-clang, r-devel-linux-x86_64-fedora-gcc, r-release-macos-arm64, r-release-macos-x86_64, r-oldrel-macos-arm64, r-oldrel-macos-x86_64