Last updated on 2024-03-29 09:55:24 CET.
Flavor | Version | Tinstall | Tcheck | Ttotal | Status | Flags |
---|---|---|---|---|---|---|
r-devel-linux-x86_64-debian-clang | 0.7.0 | 9.78 | 97.18 | 106.96 | OK | |
r-devel-linux-x86_64-debian-gcc | 0.7.0 | 7.24 | 72.59 | 79.83 | OK | |
r-devel-linux-x86_64-fedora-clang | 0.7.0 | 132.36 | NOTE | |||
r-devel-linux-x86_64-fedora-gcc | 0.7.0 | 137.81 | NOTE | |||
r-devel-windows-x86_64 | 0.7.0 | 8.00 | 91.00 | 99.00 | OK | |
r-patched-linux-x86_64 | 0.7.0 | 5.70 | 91.63 | 97.33 | OK | |
r-release-linux-x86_64 | 0.7.0 | 5.65 | 91.80 | 97.45 | OK | |
r-release-macos-arm64 | 0.7.0 | 47.00 | OK | |||
r-release-macos-x86_64 | 0.7.0 | 77.00 | OK | |||
r-release-windows-x86_64 | 0.7.0 | 11.00 | 105.00 | 116.00 | OK | |
r-oldrel-macos-arm64 | 0.7.0 | 37.00 | OK | |||
r-oldrel-windows-x86_64 | 0.7.0 | 12.00 | 109.00 | 121.00 | OK |
Version: 0.7.0
Check: data for non-ASCII characters
Result: NOTE
Note: found 2 marked UTF-8 strings
Flavors: r-devel-linux-x86_64-fedora-clang, r-devel-linux-x86_64-fedora-gcc