Last updated on 2023-09-22 12:56:28 CEST.
Flavor | Version | Tinstall | Tcheck | Ttotal | Status | Flags |
---|---|---|---|---|---|---|
r-devel-linux-x86_64-debian-clang | 0.7.0 | 9.74 | 98.80 | 108.54 | OK | |
r-devel-linux-x86_64-debian-gcc | 0.7.0 | 6.94 | 70.96 | 77.90 | OK | |
r-devel-linux-x86_64-fedora-clang | 0.7.0 | 129.55 | NOTE | |||
r-devel-linux-x86_64-fedora-gcc | 0.7.0 | 132.28 | NOTE | |||
r-devel-windows-x86_64 | 0.7.0 | 9.00 | 93.00 | 102.00 | OK | |
r-patched-linux-x86_64 | 0.7.0 | 8.47 | 91.72 | 100.19 | OK | |
r-release-linux-x86_64 | 0.7.0 | 9.16 | 92.07 | 101.23 | OK | |
r-release-macos-arm64 | 0.7.0 | 47.00 | OK | |||
r-release-macos-x86_64 | 0.7.0 | 77.00 | OK | |||
r-release-windows-x86_64 | 0.7.0 | 11.00 | 106.00 | 117.00 | OK | |
r-oldrel-macos-arm64 | 0.7.0 | 37.00 | OK | |||
r-oldrel-macos-x86_64 | 0.7.0 | 53.00 | OK | |||
r-oldrel-windows-x86_64 | 0.7.0 | 13.00 | 110.00 | 123.00 | OK |
Version: 0.7.0
Check: data for non-ASCII characters
Result: NOTE
Note: found 2 marked UTF-8 strings
Flavors: r-devel-linux-x86_64-fedora-clang, r-devel-linux-x86_64-fedora-gcc