CRAN Package Check Results for Package globalOptTests

Last updated on 2022-11-27 12:55:18 CET.

Flavor Version Tinstall Tcheck Ttotal Status Flags
r-devel-linux-x86_64-debian-clang 1.1 2.46 22.12 24.58 NOTE
r-devel-linux-x86_64-debian-gcc 1.1 2.32 17.00 19.32 NOTE
r-devel-linux-x86_64-fedora-clang 1.1 42.85 NOTE
r-devel-linux-x86_64-fedora-gcc 1.1 40.83 NOTE
r-devel-windows-x86_64 1.1 18.00 48.00 66.00 NOTE
r-patched-linux-x86_64 1.1 3.27 20.76 24.03 NOTE
r-release-linux-x86_64 1.1 2.47 21.21 23.68 NOTE
r-release-macos-arm64 1.1 16.00 NOTE
r-release-macos-x86_64 1.1 21.00 NOTE
r-release-windows-x86_64 1.1 8.00 46.00 54.00 NOTE
r-oldrel-macos-arm64 1.1 22.00 NOTE
r-oldrel-macos-x86_64 1.1 26.00 NOTE
r-oldrel-windows-ix86+x86_64 1.1 8.00 29.00 37.00 NOTE

Check Details

Version: 1.1
Check: DESCRIPTION meta-information
Result: NOTE
    Malformed Description field: should contain one or more complete sentences.
Flavors: r-devel-linux-x86_64-debian-clang, r-devel-linux-x86_64-debian-gcc, r-devel-linux-x86_64-fedora-clang, r-devel-linux-x86_64-fedora-gcc, r-devel-windows-x86_64, r-patched-linux-x86_64, r-release-linux-x86_64, r-release-macos-arm64, r-release-macos-x86_64, r-release-windows-x86_64, r-oldrel-macos-arm64, r-oldrel-macos-x86_64, r-oldrel-windows-ix86+x86_64

Version: 1.1
Check: compiled code
Result: NOTE
    File ‘globalOptTests/libs/globalOptTests.so’:
     Found no calls to: ‘R_registerRoutines’, ‘R_useDynamicSymbols’
    
    It is good practice to register native routines and to disable symbol
    search.
    
    See ‘Writing portable packages’ in the ‘Writing R Extensions’ manual.
Flavors: r-devel-linux-x86_64-fedora-clang, r-devel-linux-x86_64-fedora-gcc