CRAN Package Check Results for Package glmulti

Last updated on 2024-05-20 13:50:38 CEST.

Flavor Version Tinstall Tcheck Ttotal Status Flags
r-devel-linux-x86_64-debian-clang 1.0.8 8.03 49.28 57.31 NOTE
r-devel-linux-x86_64-debian-gcc 1.0.8 4.69 36.79 41.48 NOTE
r-devel-linux-x86_64-fedora-clang 1.0.8 73.19 NOTE
r-devel-linux-x86_64-fedora-gcc 1.0.8 70.41 NOTE
r-devel-windows-x86_64 1.0.8 7.00 58.00 65.00 NOTE
r-patched-linux-x86_64 1.0.8 10.16 48.03 58.19 NOTE
r-release-linux-x86_64 1.0.8 8.34 47.42 55.76 NOTE
r-release-macos-arm64 1.0.8 25.00 NOTE
r-release-windows-x86_64 1.0.8 7.00 58.00 65.00 NOTE
r-oldrel-macos-arm64 1.0.8 25.00 NOTE
r-oldrel-macos-x86_64 1.0.8 40.00 NOTE
r-oldrel-windows-x86_64 1.0.8 9.00 66.00 75.00 NOTE

Check Details

Version: 1.0.8
Check: Rd files
Result: NOTE checkRd: (-1) coef.glmulti.Rd:26: Escaped LaTeX specials: \& checkRd: (-1) coef.glmulti.Rd:27: Escaped LaTeX specials: \& checkRd: (-1) coef.glmulti.Rd:51: Escaped LaTeX specials: \& checkRd: (-1) coef.glmulti.Rd:60: Escaped LaTeX specials: \& checkRd: (-1) coef.glmulti.Rd:61: Escaped LaTeX specials: \& checkRd: (-1) consensus.Rd:29: Escaped LaTeX specials: \& checkRd: (-1) getfit.Rd:14: Lost braces 14 | \item{object}{A fitted model object, of class \code{glm}, \code{lm} or code{glm.nb}} | ^ checkRd: (-1) getfit.Rd:26: Escaped LaTeX specials: \& checkRd: (-1) glmulti-class.Rd:26: Escaped LaTeX specials: \& checkRd: (-1) glmulti-methods.Rd:14: Lost braces 14 | code{glmulti} finds what are the \code{n} best models (the confidence set of models) among all possible models (the candidate set, as specified by the user). | ^ checkRd: (-1) glmulti.Rd:99: Escaped LaTeX specials: \& checkRd: (-1) summary.glmulti.Rd:72: Escaped LaTeX specials: \& Flavors: r-devel-linux-x86_64-debian-clang, r-devel-linux-x86_64-debian-gcc, r-devel-linux-x86_64-fedora-clang, r-devel-linux-x86_64-fedora-gcc, r-devel-windows-x86_64, r-patched-linux-x86_64, r-release-linux-x86_64, r-release-macos-arm64, r-release-windows-x86_64

Version: 1.0.8
Check: Rd files
Result: NOTE checkRd: (-1) coef.glmulti.Rd:26: Escaped LaTeX specials: \& checkRd: (-1) coef.glmulti.Rd:27: Escaped LaTeX specials: \& checkRd: (-1) coef.glmulti.Rd:51: Escaped LaTeX specials: \& checkRd: (-1) coef.glmulti.Rd:60: Escaped LaTeX specials: \& checkRd: (-1) coef.glmulti.Rd:61: Escaped LaTeX specials: \& checkRd: (-1) consensus.Rd:29: Escaped LaTeX specials: \& checkRd: (-1) getfit.Rd:26: Escaped LaTeX specials: \& checkRd: (-1) glmulti-class.Rd:26: Escaped LaTeX specials: \& checkRd: (-1) glmulti.Rd:99: Escaped LaTeX specials: \& checkRd: (-1) summary.glmulti.Rd:72: Escaped LaTeX specials: \& Flavors: r-oldrel-macos-arm64, r-oldrel-macos-x86_64, r-oldrel-windows-x86_64