Last updated on 2023-12-11 11:53:33 CET.
Flavor | Version | Tinstall | Tcheck | Ttotal | Status | Flags |
---|---|---|---|---|---|---|
r-devel-linux-x86_64-debian-clang | 0.2 | 2.68 | 132.20 | 134.88 | NOTE | |
r-devel-linux-x86_64-debian-gcc | 0.2 | 2.56 | 100.55 | 103.11 | NOTE | |
r-devel-linux-x86_64-fedora-clang | 0.2 | 175.48 | NOTE | |||
r-devel-linux-x86_64-fedora-gcc | 0.2 | 190.83 | NOTE | |||
r-devel-windows-x86_64 | 0.2 | 4.00 | 112.00 | 116.00 | NOTE | |
r-patched-linux-x86_64 | 0.2 | 2.37 | 135.03 | 137.40 | NOTE | |
r-release-linux-x86_64 | 0.2 | 2.16 | 136.78 | 138.94 | NOTE | |
r-release-macos-arm64 | 0.2 | 62.00 | NOTE | |||
r-release-macos-x86_64 | 0.2 | 98.00 | NOTE | |||
r-release-windows-x86_64 | 0.2 | 6.00 | 136.00 | 142.00 | NOTE | |
r-oldrel-macos-arm64 | 0.2 | 48.00 | NOTE | |||
r-oldrel-macos-x86_64 | 0.2 | 86.00 | NOTE | |||
r-oldrel-windows-x86_64 | 0.2 | 5.00 | 147.00 | 152.00 | NOTE |
Version: 0.2
Check: LazyData
Result: NOTE
'LazyData' is specified without a 'data' directory
Flavors: r-devel-linux-x86_64-debian-clang, r-devel-linux-x86_64-debian-gcc, r-devel-linux-x86_64-fedora-clang, r-devel-linux-x86_64-fedora-gcc, r-devel-windows-x86_64, r-patched-linux-x86_64, r-release-linux-x86_64, r-release-macos-arm64, r-release-macos-x86_64, r-release-windows-x86_64, r-oldrel-macos-arm64, r-oldrel-macos-x86_64, r-oldrel-windows-x86_64