Last updated on 2022-07-04 12:54:10 CEST.
Flavor | Version | Tinstall | Tcheck | Ttotal | Status | Flags |
---|---|---|---|---|---|---|
r-devel-linux-x86_64-debian-clang | 2.0.1 | 14.27 | 73.66 | 87.93 | OK | |
r-devel-linux-x86_64-debian-gcc | 2.0.1 | 11.89 | 55.02 | 66.91 | OK | |
r-devel-linux-x86_64-fedora-clang | 2.0.1 | 121.18 | OK | |||
r-devel-linux-x86_64-fedora-gcc | 2.0.1 | 113.36 | OK | |||
r-devel-windows-x86_64 | 2.0.1 | 36.00 | 123.00 | 159.00 | OK | |
r-patched-linux-x86_64 | 2.0.1 | 11.52 | 68.95 | 80.47 | OK | |
r-release-linux-x86_64 | 2.0.1 | 11.59 | 70.55 | 82.14 | OK | |
r-release-macos-arm64 | 2.0.1 | 38.00 | OK | |||
r-release-macos-x86_64 | 2.0.1 | 58.00 | OK | |||
r-release-windows-x86_64 | 2.0.1 | 41.00 | 125.00 | 166.00 | OK | |
r-oldrel-macos-arm64 | 2.0.1 | 35.00 | OK | |||
r-oldrel-macos-x86_64 | 2.0.1 | 53.00 | OK | |||
r-oldrel-windows-ix86+x86_64 | 2.0.1 | 41.00 | 132.00 | 173.00 | WARN |
Version: 2.0.1
Check: re-building of vignette outputs
Result: WARN
Error(s) in re-building vignettes:
--- re-building 'glmtlp.Rmd' using rmarkdown
! Package inputenc Error: Unicode char รข<c2><80><c2><90> (U+2010)
(inputenc) not set up for use with LaTeX.
Error: processing vignette 'glmtlp.Rmd' failed with diagnostics:
LaTeX failed to compile d:/RCompile/CRANpkg/local/4.1/glmtlp.Rcheck/vign_test/glmtlp/vignettes/glmtlp.tex. See https://yihui.org/tinytex/r/#debugging for debugging tips. See glmtlp.log for more info.
--- failed re-building 'glmtlp.Rmd'
SUMMARY: processing the following file failed:
'glmtlp.Rmd'
Error: Vignette re-building failed.
Execution halted
Flavor: r-oldrel-windows-ix86+x86_64