Last updated on 2025-04-29 12:52:37 CEST.
Flavor | Version | Tinstall | Tcheck | Ttotal | Status | Flags |
---|---|---|---|---|---|---|
r-devel-linux-x86_64-debian-clang | 0.0.1 | 1.39 | 23.80 | 25.19 | NOTE | |
r-devel-linux-x86_64-debian-gcc | 0.0.1 | 1.28 | 17.68 | 18.96 | NOTE | |
r-devel-linux-x86_64-fedora-clang | 0.0.1 | 40.08 | OK | |||
r-devel-linux-x86_64-fedora-gcc | 0.0.1 | 39.70 | OK | |||
r-devel-windows-x86_64 | 0.0.1 | 2.00 | 41.00 | 43.00 | OK | |
r-patched-linux-x86_64 | 0.0.1 | 1.58 | 22.88 | 24.46 | OK | |
r-release-linux-x86_64 | 0.0.1 | 1.46 | 22.74 | 24.20 | OK | |
r-release-macos-arm64 | 0.0.1 | 16.00 | OK | |||
r-release-macos-x86_64 | 0.0.1 | 26.00 | OK | |||
r-release-windows-x86_64 | 0.0.1 | 3.00 | 44.00 | 47.00 | OK | |
r-oldrel-macos-arm64 | 0.0.1 | 16.00 | OK | |||
r-oldrel-macos-x86_64 | 0.0.1 | 23.00 | OK | |||
r-oldrel-windows-x86_64 | 0.0.1 | 3.00 | 40.00 | 43.00 | OK |
Version: 0.0.1
Check: examples
Result: NOTE
Examples with CPU (user + system) or elapsed time > 5s
user system elapsed
glm.permu 7.026 0 8.027
Flavor: r-devel-linux-x86_64-debian-clang
Version: 0.0.1
Check: examples
Result: NOTE
Examples with CPU (user + system) or elapsed time > 5s
user system elapsed
glm.permu 3.937 0.001 5.372
Flavor: r-devel-linux-x86_64-debian-gcc