CRAN Package Check Results for Package glmnetUtils

Last updated on 2022-06-28 12:52:25 CEST.

Flavor Version Tinstall Tcheck Ttotal Status Flags
r-devel-linux-x86_64-debian-clang 1.1.8 7.81 428.26 436.07 OK
r-devel-linux-x86_64-debian-gcc 1.1.8 6.43 310.19 316.62 OK
r-devel-linux-x86_64-fedora-clang 1.1.8 495.03 OK
r-devel-linux-x86_64-fedora-gcc 1.1.8 508.49 OK
r-devel-windows-x86_64 1.1.8 24.00 439.00 463.00 OK
r-patched-linux-x86_64 1.1.8 8.08 400.65 408.73 OK
r-release-linux-x86_64 1.1.8 7.84 409.45 417.29 OK
r-release-macos-arm64 1.1.8 132.00 OK
r-release-macos-x86_64 1.1.8 175.00 OK
r-release-windows-x86_64 1.1.8 26.00 434.00 460.00 OK
r-oldrel-macos-arm64 1.1.8 160.00 OK
r-oldrel-macos-x86_64 1.1.8 1803.00 OK
r-oldrel-windows-ix86+x86_64 1.1.8 19.00 428.00 447.00 WARN

Check Details

Version: 1.1.8
Check: re-building of vignette outputs
Result: WARN
    Error(s) in re-building vignettes:
    --- re-building 'intro.rmd' using rmarkdown
    trying URL 'https://web.stanford.edu/~hastie/glmnet/glmnetData/Leukemia.RData'
    Quitting from lines 167-173 (intro.rmd)
    Error: processing vignette 'intro.rmd' failed with diagnostics:
    cannot open URL 'https://web.stanford.edu/~hastie/glmnet/glmnetData/Leukemia.RData'
    --- failed re-building 'intro.rmd'
    
    SUMMARY: processing the following file failed:
     'intro.rmd'
    
    Error: Vignette re-building failed.
    Execution halted
Flavor: r-oldrel-windows-ix86+x86_64