Last updated on 2024-04-30 10:53:41 CEST.
Flavor | Version | Tinstall | Tcheck | Ttotal | Status | Flags |
---|---|---|---|---|---|---|
r-devel-linux-x86_64-debian-clang | 0.3.4 | 336.91 | 203.22 | 540.13 | OK | |
r-devel-linux-x86_64-debian-gcc | 0.3.4 | 403.46 | 183.40 | 586.86 | OK | |
r-devel-linux-x86_64-fedora-clang | 0.3.4 | 734.31 | OK | |||
r-devel-linux-x86_64-fedora-gcc | 0.3.4 | 1034.77 | OK | |||
r-devel-windows-x86_64 | 0.3.4 | 342.00 | 185.00 | 527.00 | OK | |
r-patched-linux-x86_64 | 0.3.4 | 346.53 | 240.23 | 586.76 | OK | |
r-release-linux-x86_64 | 0.3.4 | 0.29 | 2.09 | 2.38 | ERROR | |
r-release-macos-arm64 | 0.3.4 | 140.00 | NOTE | |||
r-release-macos-x86_64 | 0.3.4 | 322.00 | NOTE | |||
r-release-windows-x86_64 | 0.3.4 | 340.00 | 187.00 | 527.00 | OK | |
r-oldrel-macos-arm64 | 0.3.4 | 143.00 | NOTE | |||
r-oldrel-macos-x86_64 | 0.3.4 | 293.00 | NOTE | |||
r-oldrel-windows-x86_64 | 0.3.4 | 588.00 | 236.00 | 824.00 | OK |
Version: 0.3.4
Check: package dependencies
Result: ERROR
Package required but not available: ‘glmmrBase’
See section ‘The DESCRIPTION file’ in the ‘Writing R Extensions’
manual.
Flavor: r-release-linux-x86_64
Version: 0.3.4
Check: installed package size
Result: NOTE
installed size is 48.3Mb
sub-directories of 1Mb or more:
libs 48.1Mb
Flavors: r-release-macos-arm64, r-release-macos-x86_64, r-oldrel-macos-arm64, r-oldrel-macos-x86_64