Last updated on 2024-04-23 10:54:04 CEST.
Flavor | Version | Tinstall | Tcheck | Ttotal | Status | Flags |
---|---|---|---|---|---|---|
r-devel-linux-x86_64-debian-clang | 1.0.4 | 25.32 | 32.32 | 57.64 | NOTE | |
r-devel-linux-x86_64-debian-gcc | 1.0.4 | 19.33 | 24.44 | 43.77 | NOTE | |
r-devel-linux-x86_64-fedora-clang | 1.0.4 | 73.79 | NOTE | |||
r-devel-linux-x86_64-fedora-gcc | 1.0.4 | 76.11 | NOTE | |||
r-prerel-macos-arm64 | 1.0.4 | 23.00 | NOTE | |||
r-prerel-windows-x86_64 | 1.0.4 | 21.00 | 62.00 | 83.00 | NOTE | |
r-patched-linux-x86_64 | 1.0.4 | 21.66 | 30.15 | 51.81 | NOTE | |
r-release-linux-x86_64 | 1.0.4 | 21.51 | 31.25 | 52.76 | NOTE | |
r-release-macos-arm64 | 1.0.4 | 25.00 | NOTE | |||
r-release-macos-x86_64 | 1.0.4 | 38.00 | NOTE | |||
r-release-windows-x86_64 | 1.0.4 | 20.00 | 71.00 | 91.00 | NOTE | |
r-oldrel-macos-arm64 | 1.0.4 | 25.00 | NOTE | |||
r-oldrel-windows-x86_64 | 1.0.4 | 22.00 | 71.00 | 93.00 | NOTE |
Version: 1.0.4
Check: LazyData
Result: NOTE
'LazyData' is specified without a 'data' directory
Flavors: r-devel-linux-x86_64-debian-clang, r-devel-linux-x86_64-debian-gcc, r-devel-linux-x86_64-fedora-clang, r-devel-linux-x86_64-fedora-gcc, r-prerel-macos-arm64, r-prerel-windows-x86_64, r-patched-linux-x86_64, r-release-linux-x86_64, r-release-macos-arm64, r-release-macos-x86_64, r-release-windows-x86_64, r-oldrel-macos-arm64, r-oldrel-windows-x86_64