Last updated on 2024-04-19 11:56:47 CEST.
Flavor | Version | Tinstall | Tcheck | Ttotal | Status | Flags |
---|---|---|---|---|---|---|
r-devel-linux-x86_64-debian-clang | 0.38 | 3.31 | 32.23 | 35.54 | OK | |
r-devel-linux-x86_64-debian-gcc | 0.38 | OK | ||||
r-devel-linux-x86_64-fedora-clang | 0.38 | 44.15 | NOTE | |||
r-devel-linux-x86_64-fedora-gcc | 0.38 | 42.25 | NOTE | |||
r-prerel-macos-arm64 | 0.38 | 19.00 | OK | |||
r-prerel-windows-x86_64 | 0.38 | 5.00 | 52.00 | 57.00 | OK | |
r-patched-linux-x86_64 | 0.38 | 3.14 | 30.05 | 33.19 | OK | |
r-release-linux-x86_64 | 0.38 | 3.09 | 31.13 | 34.22 | OK | |
r-release-macos-arm64 | 0.38 | 19.00 | OK | |||
r-release-macos-x86_64 | 0.38 | 28.00 | OK | |||
r-release-windows-x86_64 | 0.38 | 5.00 | 54.00 | 59.00 | OK | |
r-oldrel-macos-arm64 | 0.38 | 20.00 | OK | |||
r-oldrel-windows-x86_64 | 0.38 | 14.00 | 64.00 | 78.00 | OK |
Version: 0.38
Check: compiled code
Result: NOTE
File ‘gllm/libs/gllm.so’:
Found no calls to: ‘R_registerRoutines’, ‘R_useDynamicSymbols’
It is good practice to register native routines and to disable symbol
search.
See ‘Writing portable packages’ in the ‘Writing R Extensions’ manual.
Flavors: r-devel-linux-x86_64-fedora-clang, r-devel-linux-x86_64-fedora-gcc