CRAN Package Check Results for Package glamlasso

Last updated on 2022-07-06 12:53:36 CEST.

Flavor Version Tinstall Tcheck Ttotal Status Flags
r-devel-linux-x86_64-debian-clang 3.0.1 135.99 34.09 170.08 OK
r-devel-linux-x86_64-debian-gcc 3.0.1 278.90 26.95 305.85 OK
r-devel-linux-x86_64-fedora-clang 3.0.1 250.10 NOTE
r-devel-linux-x86_64-fedora-gcc 3.0.1 218.81 OK
r-devel-windows-x86_64 3.0.1 88.00 84.00 172.00 OK
r-patched-linux-x86_64 3.0.1 100.95 33.87 134.82 OK
r-release-linux-x86_64 3.0.1 114.33 33.20 147.53 OK
r-release-macos-arm64 3.0.1 63.00 NOTE
r-release-macos-x86_64 3.0.1 94.00 NOTE
r-release-windows-x86_64 3.0.1 102.00 84.00 186.00 OK
r-oldrel-macos-arm64 3.0.1 101.00 NOTE
r-oldrel-macos-x86_64 3.0.1 171.00 NOTE
r-oldrel-windows-ix86+x86_64 3.0.1 201.00 79.00 280.00 OK

Check Details

Version: 3.0.1
Check: installed package size
Result: NOTE
     installed size is 7.3Mb
     sub-directories of 1Mb or more:
     libs 7.1Mb
Flavors: r-devel-linux-x86_64-fedora-clang, r-release-macos-arm64, r-release-macos-x86_64, r-oldrel-macos-arm64, r-oldrel-macos-x86_64