Last updated on 2022-05-23 11:50:04 CEST.
Flavor | Version | Tinstall | Tcheck | Ttotal | Status | Flags |
---|---|---|---|---|---|---|
r-devel-linux-x86_64-debian-clang | 0.30.1 | 18.44 | 75.59 | 94.03 | OK | |
r-devel-linux-x86_64-debian-gcc | 0.30.1 | 14.25 | 57.91 | 72.16 | OK | |
r-devel-linux-x86_64-fedora-clang | 0.30.1 | 113.51 | OK | |||
r-devel-linux-x86_64-fedora-gcc | 0.30.1 | 113.04 | OK | |||
r-devel-windows-x86_64 | 0.30.1 | 193.00 | 160.00 | 353.00 | OK | |
r-patched-linux-x86_64 | 0.30.1 | 16.58 | 72.67 | 89.25 | OK | |
r-release-linux-x86_64 | 0.30.1 | OK | ||||
r-release-macos-arm64 | 0.30.1 | 49.00 | OK | |||
r-release-macos-x86_64 | 0.30.1 | 74.00 | OK | |||
r-release-windows-x86_64 | 0.30.1 | 196.00 | 156.00 | 352.00 | OK | |
r-oldrel-macos-arm64 | 0.30.1 | 55.00 | OK | |||
r-oldrel-macos-x86_64 | 0.30.1 | 78.00 | OK | |||
r-oldrel-windows-ix86+x86_64 | 0.30.1 | 63.00 | 185.00 | 248.00 | NOTE |
Version: 0.30.1
Check: installed package size
Result: NOTE
installed size is 8.0Mb
sub-directories of 1Mb or more:
libs 7.5Mb
Flavor: r-oldrel-windows-ix86+x86_64