Last updated on 2022-06-24 11:52:09 CEST.
Flavor | Version | Tinstall | Tcheck | Ttotal | Status | Flags |
---|---|---|---|---|---|---|
r-devel-linux-x86_64-debian-clang | 0.7-7 | 23.67 | 166.25 | 189.92 | OK | |
r-devel-linux-x86_64-debian-gcc | 0.7-7 | 19.71 | 122.37 | 142.08 | OK | |
r-devel-linux-x86_64-fedora-clang | 0.7-7 | 242.59 | WARN | |||
r-devel-linux-x86_64-fedora-gcc | 0.7-7 | 230.57 | WARN | |||
r-devel-windows-x86_64 | 0.7-7 | 42.00 | 176.00 | 218.00 | OK | |
r-patched-linux-x86_64 | 0.7-7 | 22.25 | 154.29 | 176.54 | OK | |
r-release-linux-x86_64 | 0.7-7 | 18.54 | 153.88 | 172.42 | OK | |
r-release-macos-arm64 | 0.7-7 | 60.00 | OK | |||
r-release-macos-x86_64 | 0.7-7 | 108.00 | OK | |||
r-release-windows-x86_64 | 0.7-7 | 45.00 | 183.00 | 228.00 | OK | |
r-oldrel-macos-arm64 | 0.7-7 | 67.00 | OK | |||
r-oldrel-macos-x86_64 | 0.7-7 | 83.00 | OK | |||
r-oldrel-windows-ix86+x86_64 | 0.7-7 | 48.00 | 175.00 | 223.00 | OK |
Version: 0.7-7
Check: package dependencies
Result: WARN
Requires (indirectly) orphaned package: ‘gtools’
Flavors: r-devel-linux-x86_64-fedora-clang, r-devel-linux-x86_64-fedora-gcc