CRAN Package Check Results for Package gigg

Last updated on 2022-07-01 11:52:01 CEST.

Flavor Version Tinstall Tcheck Ttotal Status Flags
r-devel-linux-x86_64-debian-clang 0.2.1 46.40 29.96 76.36 OK
r-devel-linux-x86_64-debian-gcc 0.2.1 37.77 23.36 61.13 OK
r-devel-linux-x86_64-fedora-clang 0.2.1 119.62 OK
r-devel-linux-x86_64-fedora-gcc 0.2.1 108.81 OK
r-devel-windows-x86_64 0.2.1 43.00 75.00 118.00 OK
r-patched-linux-x86_64 0.2.1 40.83 28.85 69.68 OK
r-release-linux-x86_64 0.2.1 36.54 29.68 66.22 OK
r-release-macos-arm64 0.2.1 31.00 OK
r-release-macos-x86_64 0.2.1 55.00 OK
r-release-windows-x86_64 0.2.1 71.00 78.00 149.00 OK
r-oldrel-macos-arm64 0.2.1 38.00 NOTE
r-oldrel-macos-x86_64 0.2.1 79.00 OK
r-oldrel-windows-ix86+x86_64 0.2.1 112.00 76.00 188.00 OK

Check Details

Version: 0.2.1
Check: installed package size
Result: NOTE
     installed size is 5.5Mb
     sub-directories of 1Mb or more:
     libs 4.9Mb
Flavor: r-oldrel-macos-arm64