Last updated on 2024-03-28 09:51:44 CET.
Flavor | Version | Tinstall | Tcheck | Ttotal | Status | Flags |
---|---|---|---|---|---|---|
r-devel-linux-x86_64-debian-clang | 0.2.1 | 54.24 | 30.46 | 84.70 | NOTE | |
r-devel-linux-x86_64-debian-gcc | 0.2.1 | 35.98 | 23.62 | 59.60 | NOTE | |
r-devel-linux-x86_64-fedora-clang | 0.2.1 | 106.97 | NOTE | |||
r-devel-linux-x86_64-fedora-gcc | 0.2.1 | 112.65 | NOTE | |||
r-devel-windows-x86_64 | 0.2.1 | 37.00 | 66.00 | 103.00 | NOTE | |
r-patched-linux-x86_64 | 0.2.1 | 48.98 | 29.60 | 78.58 | NOTE | |
r-release-linux-x86_64 | 0.2.1 | 48.05 | 30.17 | 78.22 | OK | |
r-release-macos-arm64 | 0.2.1 | 35.00 | OK | |||
r-release-macos-x86_64 | 0.2.1 | 53.00 | OK | |||
r-release-windows-x86_64 | 0.2.1 | 46.00 | 75.00 | 121.00 | OK | |
r-oldrel-macos-arm64 | 0.2.1 | 31.00 | OK | |||
r-oldrel-windows-x86_64 | 0.2.1 | 45.00 | 78.00 | 123.00 | OK |
Version: 0.2.1
Check: Rd files
Result: NOTE
checkRd: (-1) gigg.Rd:70-77: Lost braces in \itemize; \value handles \item{}{} directly
checkRd: (-1) gigg.Rd:78: Lost braces in \itemize; \value handles \item{}{} directly
checkRd: (-1) gigg.Rd:79: Lost braces in \itemize; \value handles \item{}{} directly
checkRd: (-1) gigg.Rd:80: Lost braces in \itemize; \value handles \item{}{} directly
checkRd: (-1) gigg.Rd:81: Lost braces in \itemize; \value handles \item{}{} directly
checkRd: (-1) gigg.Rd:82: Lost braces in \itemize; \value handles \item{}{} directly
checkRd: (-1) gigg.Rd:83: Lost braces in \itemize; \value handles \item{}{} directly
checkRd: (-1) gigg.Rd:84: Lost braces in \itemize; \value handles \item{}{} directly
checkRd: (-1) gigg.Rd:85: Lost braces in \itemize; \value handles \item{}{} directly
checkRd: (-1) gigg.Rd:86: Lost braces in \itemize; \value handles \item{}{} directly
Flavors: r-devel-linux-x86_64-debian-clang, r-devel-linux-x86_64-debian-gcc, r-devel-linux-x86_64-fedora-clang, r-devel-linux-x86_64-fedora-gcc, r-devel-windows-x86_64, r-patched-linux-x86_64