Last updated on 2024-04-19 11:56:47 CEST.
Flavor | Version | Tinstall | Tcheck | Ttotal | Status | Flags |
---|---|---|---|---|---|---|
r-devel-linux-x86_64-debian-clang | 0.1.1 | 45.39 | 78.17 | 123.56 | OK | |
r-devel-linux-x86_64-debian-gcc | 0.1.1 | OK | ||||
r-devel-linux-x86_64-fedora-clang | 0.1.1 | 156.98 | OK | |||
r-devel-linux-x86_64-fedora-gcc | 0.1.1 | 172.56 | OK | |||
r-prerel-macos-arm64 | 0.1.1 | 48.00 | NOTE | |||
r-prerel-windows-x86_64 | 0.1.1 | 34.00 | 93.00 | 127.00 | OK | |
r-patched-linux-x86_64 | 0.1.1 | 43.51 | 73.54 | 117.05 | OK | |
r-release-linux-x86_64 | 0.1.1 | 30.90 | 75.16 | 106.06 | OK | |
r-release-macos-arm64 | 0.1.1 | 54.00 | NOTE | |||
r-release-macos-x86_64 | 0.1.1 | 123.00 | NOTE | |||
r-release-windows-x86_64 | 0.1.1 | 41.00 | 109.00 | 150.00 | OK | |
r-oldrel-macos-arm64 | 0.1.1 | 46.00 | NOTE | |||
r-oldrel-windows-x86_64 | 0.1.1 | 39.00 | 107.00 | 146.00 | OK |
Version: 0.1.1
Check: installed package size
Result: NOTE
installed size is 6.2Mb
sub-directories of 1Mb or more:
doc 1.1Mb
libs 4.9Mb
Flavors: r-prerel-macos-arm64, r-release-macos-arm64, r-release-macos-x86_64, r-oldrel-macos-arm64