CRAN Package Check Results for Package gif

Last updated on 2024-02-25 10:54:26 CET.

Flavor Version Tinstall Tcheck Ttotal Status Flags
r-devel-linux-x86_64-debian-clang 0.1.1 42.78 74.87 117.65 OK
r-devel-linux-x86_64-debian-gcc 0.1.1 32.63 59.38 92.01 OK
r-devel-linux-x86_64-fedora-clang 0.1.1 152.63 OK
r-devel-linux-x86_64-fedora-gcc 0.1.1 162.63 OK
r-devel-windows-x86_64 0.1.1 32.00 95.00 127.00 OK
r-patched-linux-x86_64 0.1.1 36.23 77.33 113.56 OK
r-release-linux-x86_64 0.1.1 41.94 75.26 117.20 OK
r-release-macos-arm64 0.1.1 54.00 NOTE
r-release-macos-x86_64 0.1.1 123.00 NOTE
r-release-windows-x86_64 0.1.1 40.00 113.00 153.00 OK
r-oldrel-macos-arm64 0.1.1 46.00 NOTE
r-oldrel-windows-x86_64 0.1.1 37.00 109.00 146.00 OK

Check Details

Version: 0.1.1
Check: installed package size
Result: NOTE installed size is 5.8Mb sub-directories of 1Mb or more: doc 1.1Mb libs 4.5Mb Flavors: r-release-macos-arm64, r-release-macos-x86_64, r-oldrel-macos-arm64