CRAN Package Check Results for Package ghcm

Last updated on 2022-06-27 11:50:44 CEST.

Flavor Version Tinstall Tcheck Ttotal Status Flags
r-devel-linux-x86_64-debian-clang 3.0.0 17.93 320.11 338.04 OK
r-devel-linux-x86_64-debian-gcc 3.0.0 15.86 229.72 245.58 OK
r-devel-linux-x86_64-fedora-clang 3.0.0 412.31 NOTE
r-devel-linux-x86_64-fedora-gcc 3.0.0 428.73 NOTE
r-devel-windows-x86_64 3.0.0 25.00 369.00 394.00 OK
r-patched-linux-x86_64 3.0.0 16.87 303.30 320.17 OK
r-release-linux-x86_64 3.0.0 16.43 309.60 326.03 OK
r-release-macos-arm64 3.0.0 148.00 NOTE
r-release-macos-x86_64 3.0.0 206.00 NOTE
r-release-windows-x86_64 3.0.0 26.00 372.00 398.00 OK
r-oldrel-macos-arm64 3.0.0 102.00 NOTE
r-oldrel-macos-x86_64 3.0.0 160.00 NOTE
r-oldrel-windows-ix86+x86_64 3.0.0 53.00 458.00 511.00 NOTE

Check Details

Version: 3.0.0
Check: dependencies in R code
Result: NOTE
    Namespaces in Imports field not imported from:
     ‘MASS’ ‘graphics’ ‘refund’ ‘stats’ ‘utils’
     All declared Imports should be used.
Flavors: r-devel-linux-x86_64-fedora-clang, r-devel-linux-x86_64-fedora-gcc, r-release-macos-arm64, r-release-macos-x86_64, r-oldrel-macos-arm64, r-oldrel-macos-x86_64

Version: 3.0.0
Check: installed package size
Result: NOTE
     installed size is 5.5Mb
     sub-directories of 1Mb or more:
     data 1.6Mb
     doc 1.8Mb
     libs 2.0Mb
Flavor: r-oldrel-windows-ix86+x86_64