Last updated on 2024-04-23 10:54:04 CEST.
Flavor | Version | Tinstall | Tcheck | Ttotal | Status | Flags |
---|---|---|---|---|---|---|
r-devel-linux-x86_64-debian-clang | 0.6.1 | 24.61 | 411.58 | 436.19 | OK | |
r-devel-linux-x86_64-debian-gcc | 0.6.1 | 20.15 | 304.90 | 325.05 | OK | |
r-devel-linux-x86_64-fedora-clang | 0.6.1 | 535.58 | NOTE | |||
r-devel-linux-x86_64-fedora-gcc | 0.6.1 | 549.54 | NOTE | |||
r-prerel-macos-arm64 | 0.6.1 | 121.00 | OK | |||
r-prerel-windows-x86_64 | 0.6.1 | 22.00 | 327.00 | 349.00 | OK | |
r-patched-linux-x86_64 | 0.6.1 | 24.64 | 396.11 | 420.75 | OK | |
r-release-linux-x86_64 | 0.6.1 | 28.23 | 398.69 | 426.92 | OK | |
r-release-macos-arm64 | 0.6.1 | 131.00 | OK | |||
r-release-macos-x86_64 | 0.6.1 | 267.00 | OK | |||
r-release-windows-x86_64 | 0.6.1 | 30.00 | 388.00 | 418.00 | OK | |
r-oldrel-macos-arm64 | 0.6.1 | 197.00 | OK | |||
r-oldrel-windows-x86_64 | 0.6.1 | 28.00 | 379.00 | 407.00 | OK |
Version: 0.6.1
Check: data for non-ASCII characters
Result: NOTE
Note: found 208 marked UTF-8 strings
Flavors: r-devel-linux-x86_64-fedora-clang, r-devel-linux-x86_64-fedora-gcc