CRAN Package Check Results for Package ggwordcloud

Last updated on 2022-07-03 11:53:38 CEST.

Flavor Version Tinstall Tcheck Ttotal Status Flags
r-devel-linux-x86_64-debian-clang 0.5.0 25.44 248.96 274.40 OK
r-devel-linux-x86_64-debian-gcc 0.5.0 19.12 158.76 177.88 OK
r-devel-linux-x86_64-fedora-clang 0.5.0 259.90 NOTE
r-devel-linux-x86_64-fedora-gcc 0.5.0 253.33 NOTE
r-devel-windows-x86_64 0.5.0 54.00 325.00 379.00 OK
r-patched-linux-x86_64 0.5.0 23.27 203.17 226.44 OK
r-release-linux-x86_64 0.5.0 20.86 201.62 222.48 OK
r-release-macos-arm64 0.5.0 148.00 NOTE
r-release-macos-x86_64 0.5.0 192.00 NOTE
r-release-windows-x86_64 0.5.0 39.00 283.00 322.00 OK
r-oldrel-macos-arm64 0.5.0 240.00 NOTE
r-oldrel-macos-x86_64 0.5.0 255.00 NOTE
r-oldrel-windows-ix86+x86_64 0.5.0 62.00 307.00 369.00 OK

Check Details

Version: 0.5.0
Check: data for non-ASCII characters
Result: NOTE
     Note: found 203 marked UTF-8 strings
Flavors: r-devel-linux-x86_64-fedora-clang, r-devel-linux-x86_64-fedora-gcc, r-release-macos-arm64, r-release-macos-x86_64, r-oldrel-macos-arm64, r-oldrel-macos-x86_64