Last updated on 2022-06-27 11:50:44 CEST.
Flavor | Version | Tinstall | Tcheck | Ttotal | Status | Flags |
---|---|---|---|---|---|---|
r-devel-linux-x86_64-debian-clang | 0.1.0 | 4.31 | 52.64 | 56.95 | OK | |
r-devel-linux-x86_64-debian-gcc | 0.1.0 | 3.27 | 39.70 | 42.97 | OK | |
r-devel-linux-x86_64-fedora-clang | 0.1.0 | 77.57 | NOTE | |||
r-devel-linux-x86_64-fedora-gcc | 0.1.0 | 77.37 | NOTE | |||
r-devel-windows-x86_64 | 0.1.0 | 18.00 | 72.00 | 90.00 | OK | |
r-patched-linux-x86_64 | 0.1.0 | 5.36 | 50.30 | 55.66 | OK | |
r-release-linux-x86_64 | 0.1.0 | 5.37 | 50.36 | 55.73 | OK | |
r-release-macos-arm64 | 0.1.0 | 22.00 | NOTE | |||
r-release-macos-x86_64 | 0.1.0 | 44.00 | NOTE | |||
r-release-windows-x86_64 | 0.1.0 | 18.00 | 74.00 | 92.00 | OK | |
r-oldrel-macos-arm64 | 0.1.0 | 22.00 | NOTE | |||
r-oldrel-macos-x86_64 | 0.1.0 | 40.00 | NOTE | |||
r-oldrel-windows-ix86+x86_64 | 0.1.0 | 12.00 | 67.00 | 79.00 | OK |
Version: 0.1.0
Check: dependencies in R code
Result: NOTE
Namespace in Imports field not imported from: ‘tidyr’
All declared Imports should be used.
Flavors: r-devel-linux-x86_64-fedora-clang, r-devel-linux-x86_64-fedora-gcc, r-release-macos-arm64, r-release-macos-x86_64, r-oldrel-macos-arm64, r-oldrel-macos-x86_64